CRAN Package Check Results for Package ECOTOXr

Last updated on 2022-01-28 05:48:55 CET.

Flavor Version Tinstall Tcheck Ttotal Status Flags
r-devel-linux-x86_64-debian-clang 0.1.1 4.89 53.80 58.69 OK
r-devel-linux-x86_64-debian-gcc 0.1.1 4.75 43.85 48.60 OK
r-devel-linux-x86_64-fedora-clang 0.1.1 68.97 NOTE
r-devel-linux-x86_64-fedora-gcc 0.1.1 59.59 NOTE
r-devel-windows-x86_64-new-UL 0.1.1 29.00 74.00 103.00 OK
r-devel-windows-x86_64-new-TK 0.1.1 NOTE
r-patched-linux-x86_64 0.1.1 4.12 49.47 53.59 OK
r-release-linux-x86_64 0.1.1 4.67 49.08 53.75 OK
r-release-macos-arm64 0.1.1 NOTE
r-release-macos-x86_64 0.1.1 NOTE
r-release-windows-ix86+x86_64 0.1.1 12.00 62.00 74.00 OK
r-oldrel-macos-x86_64 0.1.1 NOTE
r-oldrel-windows-ix86+x86_64 0.1.1 12.00 65.00 77.00 OK

Check Details

Version: 0.1.1
Check: dependencies in R code
Result: NOTE
    Namespace in Imports field not imported from: ‘dplyr’
     All declared Imports should be used.
Flavors: r-devel-linux-x86_64-fedora-clang, r-devel-linux-x86_64-fedora-gcc, r-devel-windows-x86_64-new-TK, r-release-macos-arm64, r-release-macos-x86_64, r-oldrel-macos-x86_64

Version: 0.1.1
Check: Rd cross-references
Result: NOTE
    Undeclared package ‘DBI’ in Rd xrefs
Flavor: r-devel-linux-x86_64-fedora-clang