CRAN Package Check Results for Package EDMeasure

Last updated on 2024-02-25 01:48:58 CET.

Flavor Version Tinstall Tcheck Ttotal Status Flags
r-devel-linux-x86_64-debian-clang 1.2.0 6.84 42.08 48.92 NOTE
r-devel-linux-x86_64-debian-gcc 1.2.0 5.89 31.69 37.58 NOTE
r-devel-linux-x86_64-fedora-clang 1.2.0 64.30 NOTE
r-devel-linux-x86_64-fedora-gcc 1.2.0 56.82 NOTE
r-devel-windows-x86_64 1.2.0 10.00 56.00 66.00 NOTE
r-patched-linux-x86_64 1.2.0 8.59 39.48 48.07 NOTE
r-release-linux-x86_64 1.2.0 7.19 39.88 47.07 NOTE
r-release-macos-arm64 1.2.0 23.00 NOTE
r-release-macos-x86_64 1.2.0 32.00 NOTE
r-release-windows-x86_64 1.2.0 11.00 59.00 70.00 NOTE
r-oldrel-macos-arm64 1.2.0 24.00 NOTE
r-oldrel-windows-x86_64 1.2.0 11.00 61.00 72.00 NOTE

Check Details

Version: 1.2.0
Check: LazyData
Result: NOTE 'LazyData' is specified without a 'data' directory Flavors: r-devel-linux-x86_64-debian-clang, r-devel-linux-x86_64-debian-gcc, r-devel-linux-x86_64-fedora-clang, r-devel-linux-x86_64-fedora-gcc, r-devel-windows-x86_64, r-patched-linux-x86_64, r-release-linux-x86_64, r-release-macos-arm64, r-release-macos-x86_64, r-release-windows-x86_64, r-oldrel-macos-arm64, r-oldrel-windows-x86_64