CRAN Package Check Results for Package EEMDlstm

Last updated on 2025-01-15 10:50:20 CET.

Flavor Version Tinstall Tcheck Ttotal Status Flags
r-devel-linux-x86_64-debian-clang 0.1.0 12.00 96.30 108.30 OK
r-devel-linux-x86_64-debian-gcc 0.1.0 8.89 66.91 75.80 OK
r-devel-linux-x86_64-fedora-clang 0.1.0 173.83 NOTE
r-devel-linux-x86_64-fedora-gcc 0.1.0 160.42 NOTE
r-devel-windows-x86_64 0.1.0 13.00 98.00 111.00 OK
r-patched-linux-x86_64 0.1.0 11.98 88.57 100.55 OK
r-release-linux-x86_64 0.1.0 10.13 88.93 99.06 OK
r-release-macos-arm64 0.1.0 47.00 OK
r-release-macos-x86_64 0.1.0 86.00 OK
r-release-windows-x86_64 0.1.0 12.00 98.00 110.00 OK
r-oldrel-macos-arm64 0.1.0 53.00 OK
r-oldrel-macos-x86_64 0.1.0 84.00 OK
r-oldrel-windows-x86_64 0.1.0 17.00 120.00 137.00 OK

Additional issues

donttest

Check Details

Version: 0.1.0
Check: dependencies in R code
Result: NOTE Namespaces in Imports field not imported from: ‘reticulate’ ‘tensorflow’ All declared Imports should be used. Flavors: r-devel-linux-x86_64-fedora-clang, r-devel-linux-x86_64-fedora-gcc