CRAN Package Check Results for Package EFA.MRFA

Last updated on 2023-01-30 04:52:19 CET.

Flavor Version Tinstall Tcheck Ttotal Status Flags
r-devel-linux-x86_64-debian-clang 1.1.2 3.80 44.21 48.01 OK
r-devel-linux-x86_64-debian-gcc 1.1.2 2.83 33.04 35.87 OK
r-devel-linux-x86_64-fedora-clang 1.1.2 59.28 NOTE
r-devel-linux-x86_64-fedora-gcc 1.1.2 58.44 NOTE
r-devel-windows-x86_64 1.1.2 11.00 75.00 86.00 OK
r-patched-linux-x86_64 1.1.2 4.45 42.64 47.09 OK
r-release-linux-x86_64 1.1.2 2.73 43.88 46.61 OK
r-release-macos-arm64 1.1.2 22.00 NOTE
r-release-macos-x86_64 1.1.2 35.00 NOTE
r-release-windows-x86_64 1.1.2 14.00 79.00 93.00 OK
r-oldrel-macos-arm64 1.1.2 28.00 NOTE
r-oldrel-macos-x86_64 1.1.2 28.00 NOTE
r-oldrel-windows-ix86+x86_64 1.1.2 9.00 70.00 79.00 OK

Check Details

Version: 1.1.2
Check: dependencies in R code
Result: NOTE
    Namespace in Imports field not imported from: ‘PCovR’
     All declared Imports should be used.
Flavors: r-devel-linux-x86_64-fedora-clang, r-devel-linux-x86_64-fedora-gcc, r-release-macos-arm64, r-release-macos-x86_64, r-oldrel-macos-arm64, r-oldrel-macos-x86_64