CRAN Package Check Results for Package EFAtools

Last updated on 2024-02-27 02:55:20 CET.

Flavor Version Tinstall Tcheck Ttotal Status Flags
r-devel-linux-x86_64-debian-clang 0.4.4 101.75 432.26 534.01 NOTE
r-devel-linux-x86_64-debian-gcc 0.4.4 78.48 329.29 407.77 NOTE
r-devel-linux-x86_64-fedora-clang 0.4.4 723.20 NOTE
r-devel-linux-x86_64-fedora-gcc 0.4.4 688.87 NOTE
r-devel-windows-x86_64 0.4.4 74.00 361.00 435.00 NOTE
r-patched-linux-x86_64 0.4.4 99.90 425.87 525.77 NOTE
r-release-linux-x86_64 0.4.4 80.44 426.02 506.46 NOTE
r-release-macos-arm64 0.4.4 186.00 NOTE
r-release-macos-x86_64 0.4.4 332.00 NOTE
r-release-windows-x86_64 0.4.4 96.00 446.00 542.00 NOTE
r-oldrel-macos-arm64 0.4.4 166.00 OK
r-oldrel-windows-x86_64 0.4.4 96.00 452.00 548.00 OK

Check Details

Version: 0.4.4
Check: C++ specification
Result: NOTE Specified C++11: please drop specification unless essential Flavors: r-devel-linux-x86_64-debian-clang, r-devel-linux-x86_64-debian-gcc, r-devel-linux-x86_64-fedora-clang, r-devel-linux-x86_64-fedora-gcc, r-devel-windows-x86_64, r-patched-linux-x86_64, r-release-linux-x86_64, r-release-macos-arm64, r-release-macos-x86_64, r-release-windows-x86_64

Version: 0.4.4
Check: dependencies in R code
Result: NOTE Namespace in Imports field not imported from: ‘progress’ All declared Imports should be used. Flavors: r-devel-linux-x86_64-fedora-clang, r-devel-linux-x86_64-fedora-gcc