CRAN Package Check Results for Package EGRETci

Last updated on 2022-09-25 18:51:24 CEST.

Flavor Version Tinstall Tcheck Ttotal Status Flags
r-devel-linux-x86_64-debian-clang 2.0.4 5.63 53.24 58.87 OK
r-devel-linux-x86_64-debian-gcc 2.0.4 5.21 40.99 46.20 OK
r-devel-linux-x86_64-fedora-clang 2.0.4 81.56 OK
r-devel-linux-x86_64-fedora-gcc 2.0.4 79.16 OK
r-devel-windows-x86_64 2.0.4 18.00 88.00 106.00 OK
r-patched-linux-x86_64 2.0.4 8.47 51.46 59.93 OK
r-release-linux-x86_64 2.0.4 3.72 50.72 54.44 OK
r-release-macos-arm64 2.0.4 31.00 ERROR
r-release-macos-x86_64 2.0.4 41.00 OK
r-release-windows-x86_64 2.0.4 23.00 85.00 108.00 OK
r-oldrel-macos-arm64 2.0.4 32.00 ERROR
r-oldrel-macos-x86_64 2.0.4 48.00 OK
r-oldrel-windows-ix86+x86_64 2.0.4 14.00 78.00 92.00 OK

Check Details

Version: 2.0.4
Check: tests
Result: ERROR
     Running ‘testthat.R’ [1s/1s]
    Running the tests in ‘tests/testthat.R’ failed.
    Last 13 lines of output:
     > library(EGRETci)
     > test_check("EGRETci")
     [ FAIL 1 | WARN 0 | SKIP 10 | PASS 16 ]
    
     ══ Skipped tests ═══════════════════════════════════════════════════════════════
     • On CRAN (10)
    
     ══ Failed tests ════════════════════════════════════════════════════════════════
     ── Failure (tests_boot_tests.R:112:3): paVector ────────────────────────────────
     `paIndexWinter` not equal to 11:13.
     Lengths differ: 4 is not 3
    
     [ FAIL 1 | WARN 0 | SKIP 10 | PASS 16 ]
     Error: Test failures
     Execution halted
Flavors: r-release-macos-arm64, r-oldrel-macos-arm64