CRAN Package Check Results for Package EIAdata

Last updated on 2021-06-15 11:50:06 CEST.

Flavor Version Tinstall Tcheck Ttotal Status Flags
r-devel-linux-x86_64-debian-clang 0.1.1 2.98 33.74 36.72 OK
r-devel-linux-x86_64-debian-gcc 0.1.1 2.68 27.26 29.94 OK
r-devel-linux-x86_64-fedora-clang 0.1.1 52.07 OK
r-devel-linux-x86_64-fedora-gcc 0.1.1 42.04 OK
r-devel-windows-x86_64 0.1.1 5.00 51.00 56.00 ERROR
r-devel-windows-x86_64-gcc10-UCRT 0.1.1 OK
r-patched-linux-x86_64 0.1.1 3.02 32.96 35.98 OK
r-patched-solaris-x86 0.1.1 70.70 OK
r-release-linux-x86_64 0.1.1 3.09 33.14 36.23 OK
r-release-macos-arm64 0.1.1 OK
r-release-macos-x86_64 0.1.1 OK
r-release-windows-ix86+x86_64 0.1.1 8.00 52.00 60.00 ERROR
r-oldrel-macos-x86_64 0.1.1 OK
r-oldrel-windows-ix86+x86_64 0.1.1 7.00 113.00 120.00 ERROR

Check Details

Version: 0.1.1
Check: examples
Result: ERROR
    Running examples in 'EIAdata-Ex.R' failed
    The error most likely occurred in:
    
    > ### Name: EIAdata-package
    > ### Title: R wrapper for the US Energy Information Administration's (EIA's)
    > ### API.
    > ### Aliases: EIAdata-package EIAdata
    > ### Keywords: EIAdata
    >
    > ### ** Examples
    >
    > # The function wngsr will return a list object containing the time
    > # the report was run, and the contents of the US EIA's Weekly
    > # Natural Gas Storage Report. The function has no arguments,
    > # so simply run:
    >
    > wngsr()
    Warning in file(file, "rt") :
     URL 'https://ir.eia.gov/ngs/wngsr.csv': status was 'SSL connect error'
    Error in file(file, "rt") :
     cannot open the connection to 'http://ir.eia.gov/ngs/wngsr.csv'
    Calls: wngsr -> <Anonymous> -> read.table -> file
    Execution halted
Flavor: r-devel-windows-x86_64

Version: 0.1.1
Check: examples
Result: ERROR
    Running examples in 'EIAdata-Ex.R' failed
    The error most likely occurred in:
    
    > ### Name: EIAdata-package
    > ### Title: R wrapper for the US Energy Information Administration's (EIA's)
    > ### API.
    > ### Aliases: EIAdata-package EIAdata
    > ### Keywords: EIAdata
    >
    > ### ** Examples
    >
    > # The function wngsr will return a list object containing the time
    > # the report was run, and the contents of the US EIA's Weekly
    > # Natural Gas Storage Report. The function has no arguments,
    > # so simply run:
    >
    > wngsr()
    Warning in file(file, "rt") :
     InternetOpenUrl failed: 'Die Serververbindung konnte nicht hergestellt werden.'
    Error in file(file, "rt") : cannot open the connection
    Calls: wngsr -> <Anonymous> -> read.table -> file
    Execution halted
Flavors: r-release-windows-ix86+x86_64, r-oldrel-windows-ix86+x86_64