CRAN Package Check Results for Package ELMR

Last updated on 2021-04-17 18:49:53 CEST.

Flavor Version Tinstall Tcheck Ttotal Status Flags
r-devel-linux-x86_64-debian-clang 1.0 2.20 21.33 23.53 NOTE
r-devel-linux-x86_64-debian-gcc 1.0 1.51 16.84 18.35 NOTE
r-devel-linux-x86_64-fedora-clang 1.0 37.99 NOTE
r-devel-linux-x86_64-fedora-gcc 1.0 27.94 NOTE
r-devel-windows-ix86+x86_64 1.0 4.00 47.00 51.00 NOTE
r-devel-windows-x86_64-gcc10-UCRT 1.0 NOTE
r-patched-linux-x86_64 1.0 2.11 20.51 22.62 OK
r-patched-solaris-x86 1.0 42.00 OK
r-release-linux-x86_64 1.0 1.83 20.73 22.56 OK
r-release-macos-x86_64 1.0 OK
r-release-windows-ix86+x86_64 1.0 3.00 30.00 33.00 OK
r-oldrel-macos-x86_64 1.0 OK
r-oldrel-windows-ix86+x86_64 1.0 6.00 33.00 39.00 OK

Check Details

Version: 1.0
Check: LazyData
Result: NOTE
     'LazyData' is specified without a 'data' directory
Flavors: r-devel-linux-x86_64-debian-clang, r-devel-linux-x86_64-debian-gcc, r-devel-linux-x86_64-fedora-clang, r-devel-linux-x86_64-fedora-gcc, r-devel-windows-ix86+x86_64, r-devel-windows-x86_64-gcc10-UCRT