CRAN Package Check Results for Package ELMSO

Last updated on 2024-03-03 06:56:13 CET.

Flavor Version Tinstall Tcheck Ttotal Status Flags
r-devel-linux-x86_64-debian-clang 1.0.1 2.45 22.49 24.94 NOTE
r-devel-linux-x86_64-debian-gcc 1.0.1 1.61 17.56 19.17 NOTE
r-devel-linux-x86_64-fedora-clang 1.0.1 31.98 NOTE
r-devel-linux-x86_64-fedora-gcc 1.0.1 30.87 NOTE
r-devel-windows-x86_64 1.0.1 3.00 39.00 42.00 NOTE
r-patched-linux-x86_64 1.0.1 2.14 22.58 24.72 NOTE
r-release-linux-x86_64 1.0.1 2.21 22.59 24.80 NOTE
r-release-macos-arm64 1.0.1 16.00 NOTE
r-release-macos-x86_64 1.0.1 19.00 NOTE
r-release-windows-x86_64 1.0.1 4.00 37.00 41.00 NOTE
r-oldrel-macos-arm64 1.0.1 17.00 NOTE
r-oldrel-windows-x86_64 1.0.1 5.00 44.00 49.00 NOTE

Check Details

Version: 1.0.1
Check: LazyData
Result: NOTE 'LazyData' is specified without a 'data' directory Flavors: r-devel-linux-x86_64-debian-clang, r-devel-linux-x86_64-debian-gcc, r-devel-linux-x86_64-fedora-clang, r-devel-linux-x86_64-fedora-gcc, r-devel-windows-x86_64, r-patched-linux-x86_64, r-release-linux-x86_64, r-release-macos-arm64, r-release-macos-x86_64, r-release-windows-x86_64, r-oldrel-macos-arm64, r-oldrel-windows-x86_64