CRAN Package Check Results for Package EMDANNhybrid

Last updated on 2023-06-09 19:56:22 CEST.

Flavor Version Tinstall Tcheck Ttotal Status Flags
r-devel-linux-x86_64-debian-clang 0.1.0 12.40 108.99 121.39 NOTE
r-devel-linux-x86_64-debian-gcc 0.1.0 8.86 80.93 89.79 NOTE
r-devel-linux-x86_64-fedora-clang 0.1.0 144.96 NOTE
r-devel-linux-x86_64-fedora-gcc 0.1.0 140.92 NOTE
r-devel-windows-x86_64 0.1.0 13.00 93.00 106.00 NOTE
r-patched-linux-x86_64 0.1.0 12.08 102.05 114.13 NOTE
r-release-linux-x86_64 0.1.0 10.28 101.35 111.63 NOTE
r-release-macos-arm64 0.1.0 46.00 NOTE
r-release-macos-x86_64 0.1.0 73.00 NOTE
r-release-windows-x86_64 0.1.0 15.00 112.00 127.00 NOTE
r-oldrel-macos-arm64 0.1.0 43.00 NOTE
r-oldrel-macos-x86_64 0.1.0 79.00 NOTE
r-oldrel-windows-x86_64 0.1.0 16.00 118.00 134.00 NOTE

Check Details

Version: 0.1.0
Check: LazyData
Result: NOTE
     'LazyData' is specified without a 'data' directory
Flavors: r-devel-linux-x86_64-debian-clang, r-devel-linux-x86_64-debian-gcc, r-devel-linux-x86_64-fedora-clang, r-devel-linux-x86_64-fedora-gcc, r-devel-windows-x86_64, r-patched-linux-x86_64, r-release-linux-x86_64, r-release-macos-arm64, r-release-macos-x86_64, r-release-windows-x86_64, r-oldrel-macos-arm64, r-oldrel-macos-x86_64, r-oldrel-windows-x86_64