CRAN Package Check Results for Package EMSaov

Last updated on 2019-03-24 14:49:20 CET.

Flavor Version Tinstall Tcheck Ttotal Status Flags
r-devel-linux-x86_64-debian-clang 2.3 2.93 22.33 25.26 OK
r-devel-linux-x86_64-debian-gcc 2.3 2.17 18.24 20.41 OK
r-devel-linux-x86_64-fedora-clang 2.3 30.55 OK
r-devel-linux-x86_64-fedora-gcc 2.3 28.72 OK
r-devel-windows-ix86+x86_64 2.3 8.00 49.00 57.00 OK
r-patched-linux-x86_64 2.3 2.10 19.98 22.08 OK
r-patched-solaris-x86 2.3 38.70 OK
r-release-linux-x86_64 2.3 0.27 1.87 2.14 ERROR
r-release-windows-ix86+x86_64 2.3 4.00 34.00 38.00 OK
r-release-osx-x86_64 2.3 OK
r-oldrel-windows-ix86+x86_64 2.3 2.00 32.00 34.00 OK
r-oldrel-osx-x86_64 2.3 OK

Check Details

Version: 2.3
Check: whether package can be installed
Result: ERROR
    Installation failed.
Flavor: r-release-linux-x86_64