CRAN Package Check Results for Package ENMeval

Last updated on 2019-03-24 10:46:34 CET.

Flavor Version Tinstall Tcheck Ttotal Status Flags
r-devel-linux-x86_64-debian-clang 0.3.0 9.05 98.11 107.16 OK
r-devel-linux-x86_64-debian-gcc 0.3.0 7.19 77.51 84.70 OK
r-devel-linux-x86_64-fedora-clang 0.3.0 129.11 OK
r-devel-linux-x86_64-fedora-gcc 0.3.0 125.61 OK
r-devel-windows-ix86+x86_64 0.3.0 18.00 191.00 209.00 WARN
r-patched-linux-x86_64 0.3.0 5.50 93.95 99.45 OK
r-patched-solaris-x86 0.3.0 172.10 OK
r-release-linux-x86_64 0.3.0 0.38 2.46 2.84 ERROR
r-release-windows-ix86+x86_64 0.3.0 11.00 110.00 121.00 OK
r-release-osx-x86_64 0.3.0 OK
r-oldrel-windows-ix86+x86_64 0.3.0 11.00 124.00 135.00 OK
r-oldrel-osx-x86_64 0.3.0 OK

Check Details

Version: 0.3.0
Check: re-building of vignette outputs
Result: WARN
    Error(s) in re-building vignettes:
    --- re-building 'ENMeval-vignette.Rmd' using rmarkdown
    Loading required package: spocc
    Loading required package: ENMeval
    Loading required package: dismo
    Loading required package: raster
    Loading required package: sp
    Warning: gbif: No records returned in GBIF for Bradypus variegatus
    Warning: gbif: 500 - Server error
    Quitting from lines 38-53 (ENMeval-vignette.Rmd)
    Error: processing vignette 'ENMeval-vignette.Rmd' failed with diagnostics:
    Positive column indexes in `[` must match number of columns:
    * `.data` has 0 columns
    * Position 1 equals 2
    * Position 2 equals 3
    --- failed re-building 'ENMeval-vignette.Rmd'
    
    SUMMARY: processing the following file failed:
     'ENMeval-vignette.Rmd'
    
    Error: Vignette re-building failed.
    Execution halted
Flavor: r-devel-windows-ix86+x86_64

Version: 0.3.0
Check: whether package can be installed
Result: ERROR
    Installation failed.
Flavor: r-release-linux-x86_64