CRAN Package Check Results for Package EQUIVNONINF

Last updated on 2020-09-24 22:50:28 CEST.

Flavor Version Tinstall Tcheck Ttotal Status Flags
r-devel-linux-x86_64-debian-clang 1.0 12.28 116.78 129.06 NOTE
r-devel-linux-x86_64-debian-gcc 1.0 9.89 84.28 94.17 NOTE
r-devel-linux-x86_64-fedora-clang 1.0 157.27 NOTE
r-devel-linux-x86_64-fedora-gcc 1.0 172.86 NOTE
r-devel-windows-ix86+x86_64 1.0 19.00 144.00 163.00 OK
r-patched-linux-x86_64 1.0 11.97 112.72 124.69 NOTE
r-patched-solaris-x86 1.0 189.40 NOTE
r-release-linux-x86_64 1.0 12.14 114.99 127.13 NOTE
r-release-macos-x86_64 1.0 OK
r-release-windows-ix86+x86_64 1.0 16.00 108.00 124.00 OK
r-oldrel-macos-x86_64 1.0 OK
r-oldrel-windows-ix86+x86_64 1.0 18.00 134.00 152.00 OK

Check Details

Version: 1.0
Check: for non-standard things in the check directory
Result: NOTE
    Found the following files/directories:
     'aeq3.out' 'ste3a.out'
Flavors: r-devel-linux-x86_64-debian-clang, r-devel-linux-x86_64-debian-gcc, r-devel-linux-x86_64-fedora-clang, r-devel-linux-x86_64-fedora-gcc, r-patched-linux-x86_64, r-patched-solaris-x86, r-release-linux-x86_64