CRAN Package Check Results for Package ERSA

Last updated on 2019-08-21 22:48:38 CEST.

Flavor Version Tinstall Tcheck Ttotal Status Flags
r-devel-linux-x86_64-debian-clang 0.1.1 6.02 51.38 57.40 NOTE
r-devel-linux-x86_64-debian-gcc 0.1.1 NOTE
r-devel-linux-x86_64-fedora-clang 0.1.1 69.01 OK
r-devel-linux-x86_64-fedora-gcc 0.1.1 65.00 OK
r-devel-windows-ix86+x86_64 0.1.1 19.00 95.00 114.00 NOTE
r-patched-linux-x86_64 0.1.1 4.77 49.17 53.94 OK
r-patched-solaris-x86 0.1.1 99.40 OK
r-release-linux-x86_64 0.1.1 4.79 50.00 54.79 OK
r-release-windows-ix86+x86_64 0.1.1 13.00 59.00 72.00 OK
r-release-osx-x86_64 0.1.1 OK
r-oldrel-windows-ix86+x86_64 0.1.1 12.00 97.00 109.00 OK
r-oldrel-osx-x86_64 0.1.1 OK

Check Details

Version: 0.1.1
Check: package vignettes
Result: NOTE
    Package vignette with placeholder title 'Vignette Title':
     'ERSA.Rmd'
Flavors: r-devel-linux-x86_64-debian-clang, r-devel-linux-x86_64-debian-gcc, r-devel-windows-ix86+x86_64