CRAN Package Check Results for Package ETC

Last updated on 2019-07-18 00:48:31 CEST.

Flavor Version Tinstall Tcheck Ttotal Status Flags
r-devel-linux-x86_64-debian-clang 1.3 2.39 22.67 25.06 NOTE
r-devel-linux-x86_64-debian-gcc 1.3 1.98 18.81 20.79 NOTE
r-devel-linux-x86_64-fedora-clang 1.3 30.26 NOTE
r-devel-linux-x86_64-fedora-gcc 1.3 29.07 NOTE
r-devel-windows-ix86+x86_64 1.3 8.00 36.00 44.00 NOTE
r-patched-linux-x86_64 1.3 1.97 22.65 24.62 NOTE
r-patched-solaris-x86 1.3 47.50 NOTE
r-release-linux-x86_64 1.3 2.34 22.98 25.32 NOTE
r-release-windows-ix86+x86_64 1.3 5.00 53.00 58.00 NOTE
r-release-osx-x86_64 1.3 NOTE
r-oldrel-windows-ix86+x86_64 1.3 3.00 44.00 47.00 NOTE
r-oldrel-osx-x86_64 1.3 NOTE

Check Details

Version: 1.3
Check: R code for possible problems
Result: NOTE
    etc.diff: no visible global function definition for 'model.frame'
    etc.diff: no visible binding for global variable 'sd'
    etc.diff: no visible global function definition for 'qt'
    etc.diff: no visible global function definition for 'pt'
    etc.diff: no visible global function definition for 'wilcox.test'
    etc.rat: no visible global function definition for 'model.frame'
    etc.rat: no visible binding for global variable 'sd'
    etc.rat: no visible global function definition for 'qt'
    etc.rat: no visible global function definition for 'pt'
    Undefined global functions or variables:
     model.frame pt qt sd wilcox.test
    Consider adding
     importFrom("stats", "model.frame", "pt", "qt", "sd", "wilcox.test")
    to your NAMESPACE file.
Flavors: r-devel-linux-x86_64-debian-clang, r-devel-linux-x86_64-debian-gcc, r-devel-linux-x86_64-fedora-clang, r-devel-linux-x86_64-fedora-gcc, r-devel-windows-ix86+x86_64, r-patched-linux-x86_64, r-patched-solaris-x86, r-release-linux-x86_64, r-release-windows-ix86+x86_64, r-release-osx-x86_64, r-oldrel-windows-ix86+x86_64, r-oldrel-osx-x86_64