Last updated on 2023-12-11 13:49:35 CET.
Flavor | Version | Tinstall | Tcheck | Ttotal | Status | Flags |
---|---|---|---|---|---|---|
r-devel-linux-x86_64-debian-clang | 1.5 | 2.48 | 26.58 | 29.06 | NOTE | |
r-devel-linux-x86_64-debian-gcc | 1.5 | 1.95 | 20.25 | 22.20 | NOTE | |
r-devel-linux-x86_64-fedora-clang | 1.5 | 41.25 | OK | |||
r-devel-linux-x86_64-fedora-gcc | 1.5 | 34.75 | OK | |||
r-devel-windows-x86_64 | 1.5 | 3.00 | 42.00 | 45.00 | OK | |
r-patched-linux-x86_64 | 1.5 | 3.10 | 25.98 | 29.08 | OK | |
r-release-linux-x86_64 | 1.5 | 2.53 | 26.67 | 29.20 | OK | |
r-release-macos-arm64 | 1.5 | 17.00 | OK | |||
r-release-macos-x86_64 | 1.5 | 22.00 | NOTE | |||
r-release-windows-x86_64 | 1.5 | 3.00 | 44.00 | 47.00 | OK | |
r-oldrel-macos-arm64 | 1.5 | 17.00 | OK | |||
r-oldrel-macos-x86_64 | 1.5 | 24.00 | OK | |||
r-oldrel-windows-x86_64 | 1.5 | 6.00 | 46.00 | 52.00 | OK |
Version: 1.5
Check: Rd files
Result: NOTE
checkRd: (-1) ETC-package.Rd:28-29: Lost braces in \itemize; meant \describe ?
checkRd: (-1) ETC-package.Rd:30-31: Lost braces in \itemize; meant \describe ?
checkRd: (-1) ETC-package.Rd:32: Lost braces in \itemize; meant \describe ?
Flavors: r-devel-linux-x86_64-debian-clang, r-devel-linux-x86_64-debian-gcc
Version: 1.5
Check: package dependencies
Result: NOTE
Packages suggested but not available for checking:
'SimComp', 'multcomp', 'mratios'
Flavor: r-release-macos-x86_64