CRAN Package Check Results for Package EValue

Last updated on 2020-09-29 00:50:53 CEST.

Flavor Version Tinstall Tcheck Ttotal Status Flags
r-devel-linux-x86_64-debian-clang 3.0.0 10.75 109.26 120.01 OK
r-devel-linux-x86_64-debian-gcc 3.0.0 8.18 81.95 90.13 OK
r-devel-linux-x86_64-fedora-clang 3.0.0 153.85 NOTE
r-devel-linux-x86_64-fedora-gcc 3.0.0 150.36 NOTE
r-devel-windows-ix86+x86_64 3.0.0 27.00 155.00 182.00 OK
r-patched-linux-x86_64 3.0.0 11.08 101.30 112.38 OK
r-patched-solaris-x86 3.0.0 195.50 NOTE
r-release-linux-x86_64 3.0.0 10.91 102.49 113.40 OK
r-release-macos-x86_64 3.0.0 NOTE
r-release-windows-ix86+x86_64 3.0.0 26.00 144.00 170.00 OK
r-oldrel-macos-x86_64 3.0.0 NOTE
r-oldrel-windows-ix86+x86_64 3.0.0 23.00 136.00 159.00 OK

Check Details

Version: 3.0.0
Check: dependencies in R code
Result: NOTE
    Namespaces in Imports field not imported from:
     ‘devtools’ ‘msm’
     All declared Imports should be used.
Flavors: r-devel-linux-x86_64-fedora-clang, r-devel-linux-x86_64-fedora-gcc, r-patched-solaris-x86, r-release-macos-x86_64, r-oldrel-macos-x86_64