CRAN Package Check Results for Package EValue

Last updated on 2020-01-26 12:46:28 CET.

Flavor Version Tinstall Tcheck Ttotal Status Flags
r-devel-linux-x86_64-debian-clang 2.0.0 9.30 75.56 84.86 OK
r-devel-linux-x86_64-debian-gcc 2.0.0 7.55 58.07 65.62 OK
r-devel-linux-x86_64-fedora-clang 2.0.0 101.62 NOTE
r-devel-linux-x86_64-fedora-gcc 2.0.0 97.88 NOTE
r-devel-windows-ix86+x86_64 2.0.0 35.00 118.00 153.00 OK
r-devel-windows-ix86+x86_64-gcc8 2.0.0 38.00 88.00 126.00 OK
r-patched-linux-x86_64 2.0.0 8.28 65.85 74.13 OK
r-patched-solaris-x86 2.0.0 135.00 NOTE
r-release-linux-x86_64 2.0.0 7.42 65.48 72.90 OK
r-release-windows-ix86+x86_64 2.0.0 20.00 84.00 104.00 OK
r-release-osx-x86_64 2.0.0 NOTE
r-oldrel-windows-ix86+x86_64 2.0.0 12.00 76.00 88.00 OK
r-oldrel-osx-x86_64 2.0.0 NOTE

Check Details

Version: 2.0.0
Check: dependencies in R code
Result: NOTE
    Namespaces in Imports field not imported from:
     ‘devtools’ ‘msm’
     All declared Imports should be used.
Flavors: r-devel-linux-x86_64-fedora-clang, r-devel-linux-x86_64-fedora-gcc, r-patched-solaris-x86, r-release-osx-x86_64, r-oldrel-osx-x86_64