CRAN Package Check Results for Package EValue

Last updated on 2020-07-05 18:51:57 CEST.

Flavor Version Tinstall Tcheck Ttotal Status Flags
r-devel-linux-x86_64-debian-clang 3.0.0 10.36 103.79 114.15 OK
r-devel-linux-x86_64-debian-gcc 3.0.0 9.61 80.19 89.80 OK
r-devel-linux-x86_64-fedora-clang 3.0.0 147.85 NOTE
r-devel-linux-x86_64-fedora-gcc 3.0.0 135.38 NOTE
r-devel-windows-ix86+x86_64 3.0.0 32.00 168.00 200.00 OK
r-patched-linux-x86_64 3.0.0 10.86 100.37 111.23 OK
r-patched-solaris-x86 3.0.0 196.20 NOTE
r-release-linux-x86_64 3.0.0 10.40 100.96 111.36 OK
r-release-osx-x86_64 3.0.0 NOTE
r-release-windows-ix86+x86_64 3.0.0 21.00 117.00 138.00 OK
r-oldrel-osx-x86_64 3.0.0 NOTE
r-oldrel-windows-ix86+x86_64 3.0.0 29.00 190.00 219.00 OK

Check Details

Version: 3.0.0
Check: dependencies in R code
Result: NOTE
    Namespaces in Imports field not imported from:
     ‘devtools’ ‘msm’
     All declared Imports should be used.
Flavors: r-devel-linux-x86_64-fedora-clang, r-devel-linux-x86_64-fedora-gcc, r-patched-solaris-x86, r-release-osx-x86_64, r-oldrel-osx-x86_64