Last updated on 2023-09-22 09:55:55 CEST.
Flavor | Version | Tinstall | Tcheck | Ttotal | Status | Flags |
---|---|---|---|---|---|---|
r-devel-linux-x86_64-debian-clang | 4.1.3 | 14.57 | 157.08 | 171.65 | OK | |
r-devel-linux-x86_64-debian-gcc | 4.1.3 | 11.82 | 115.38 | 127.20 | OK | |
r-devel-linux-x86_64-fedora-clang | 4.1.3 | 215.65 | NOTE | |||
r-devel-linux-x86_64-fedora-gcc | 4.1.3 | 210.32 | NOTE | |||
r-devel-windows-x86_64 | 4.1.3 | 14.00 | 133.00 | 147.00 | OK | |
r-patched-linux-x86_64 | 4.1.3 | 11.42 | 147.40 | 158.82 | OK | |
r-release-linux-x86_64 | 4.1.3 | 9.36 | 147.50 | 156.86 | OK | |
r-release-macos-arm64 | 4.1.3 | 69.00 | OK | |||
r-release-macos-x86_64 | 4.1.3 | 103.00 | OK | |||
r-release-windows-x86_64 | 4.1.3 | 17.00 | 162.00 | 179.00 | OK | |
r-oldrel-macos-arm64 | 4.1.3 | 56.00 | NOTE | |||
r-oldrel-macos-x86_64 | 4.1.3 | 87.00 | NOTE | |||
r-oldrel-windows-x86_64 | 4.1.3 | 18.00 | 158.00 | 176.00 | OK |
Version: 4.1.3
Check: dependencies in R code
Result: NOTE
Namespace in Imports field not imported from: ‘metadat’
All declared Imports should be used.
Flavors: r-devel-linux-x86_64-fedora-clang, r-devel-linux-x86_64-fedora-gcc, r-oldrel-macos-arm64, r-oldrel-macos-x86_64