CRAN Package Check Results for Package EW

Last updated on 2021-09-25 01:50:16 CEST.

Flavor Version Tinstall Tcheck Ttotal Status Flags
r-devel-linux-x86_64-debian-clang 1.1 1.86 21.46 23.32 NOTE
r-devel-linux-x86_64-debian-gcc 1.1 1.45 16.98 18.43 NOTE
r-devel-linux-x86_64-fedora-clang 1.1 38.55 NOTE
r-devel-linux-x86_64-fedora-gcc 1.1 26.41 NOTE
r-devel-windows-x86_64 1.1 3.00 23.00 26.00 NOTE
r-devel-windows-x86_64-gcc10-UCRT 1.1 NOTE
r-patched-linux-x86_64 1.1 1.93 20.82 22.75 NOTE
r-patched-solaris-x86 1.1 42.90 NOTE
r-release-linux-x86_64 1.1 1.59 20.98 22.57 NOTE
r-release-macos-arm64 1.1 NOTE
r-release-macos-x86_64 1.1 NOTE
r-release-windows-ix86+x86_64 1.1 5.00 32.00 37.00 NOTE
r-oldrel-macos-x86_64 1.1 NOTE
r-oldrel-windows-ix86+x86_64 1.1 4.00 30.00 34.00 NOTE

Check Details

Version: 1.1
Check: R code for possible problems
Result: NOTE
    EW : PhiP : Phi: no visible global function definition for 'pnorm'
    Undefined global functions or variables:
     pnorm
    Consider adding
     importFrom("stats", "pnorm")
    to your NAMESPACE file.
Flavors: r-devel-linux-x86_64-debian-clang, r-devel-linux-x86_64-debian-gcc, r-devel-linux-x86_64-fedora-clang, r-devel-linux-x86_64-fedora-gcc, r-devel-windows-x86_64, r-devel-windows-x86_64-gcc10-UCRT, r-patched-linux-x86_64, r-patched-solaris-x86, r-release-linux-x86_64, r-release-macos-arm64, r-release-macos-x86_64, r-release-windows-ix86+x86_64, r-oldrel-macos-x86_64, r-oldrel-windows-ix86+x86_64