CRAN Package Check Results for Package EWOC2

Last updated on 2020-10-25 17:50:28 CET.

Flavor Version Tinstall Tcheck Ttotal Status Flags
r-devel-linux-x86_64-debian-clang 1.0 3.52 31.87 35.39 NOTE
r-devel-linux-x86_64-debian-gcc 1.0 3.58 23.89 27.47 NOTE
r-devel-linux-x86_64-fedora-clang 1.0 51.58 NOTE
r-devel-linux-x86_64-fedora-gcc 1.0 40.72 NOTE
r-devel-windows-ix86+x86_64 1.0 9.00 46.00 55.00 OK
r-patched-linux-x86_64 1.0 4.07 29.67 33.74 NOTE
r-patched-solaris-x86 1.0 63.90 NOTE
r-release-linux-x86_64 1.0 3.95 29.36 33.31 NOTE
r-release-macos-x86_64 1.0 OK
r-release-windows-ix86+x86_64 1.0 6.00 35.00 41.00 OK
r-oldrel-macos-x86_64 1.0 OK
r-oldrel-windows-ix86+x86_64 1.0 7.00 36.00 43.00 OK

Check Details

Version: 1.0
Check: for non-standard things in the check directory
Result: NOTE
    Found the following files/directories:
     'combination_cohort_2.bug'
Flavors: r-devel-linux-x86_64-debian-clang, r-devel-linux-x86_64-debian-gcc, r-devel-linux-x86_64-fedora-clang, r-devel-linux-x86_64-fedora-gcc, r-patched-linux-x86_64, r-patched-solaris-x86, r-release-linux-x86_64