CRAN Package Check Results for Package EWOC2

Last updated on 2021-04-20 11:48:41 CEST.

Flavor Version Tinstall Tcheck Ttotal Status Flags
r-devel-linux-x86_64-debian-clang 1.0 4.24 33.31 37.55 NOTE
r-devel-linux-x86_64-debian-gcc 1.0 2.80 24.93 27.73 NOTE
r-devel-linux-x86_64-fedora-clang 1.0 53.99 NOTE
r-devel-linux-x86_64-fedora-gcc 1.0 42.94 NOTE
r-devel-windows-ix86+x86_64 1.0 8.00 41.00 49.00 OK
r-devel-windows-x86_64-gcc10-UCRT 1.0 OK
r-patched-linux-x86_64 1.0 3.88 30.79 34.67 NOTE
r-patched-solaris-x86 1.0 71.80 NOTE
r-release-linux-x86_64 1.0 3.69 31.17 34.86 NOTE
r-release-macos-x86_64 1.0 OK
r-release-windows-ix86+x86_64 1.0 8.00 50.00 58.00 OK
r-oldrel-macos-x86_64 1.0 OK
r-oldrel-windows-ix86+x86_64 1.0 4.00 47.00 51.00 OK

Check Details

Version: 1.0
Check: for non-standard things in the check directory
Result: NOTE
    Found the following files/directories:
     'combination_cohort_2.bug'
Flavors: r-devel-linux-x86_64-debian-clang, r-devel-linux-x86_64-debian-gcc, r-devel-linux-x86_64-fedora-clang, r-devel-linux-x86_64-fedora-gcc, r-patched-linux-x86_64, r-patched-solaris-x86, r-release-linux-x86_64