Last updated on 2021-01-19 00:47:21 CET.
Flavor | Version | Tinstall | Tcheck | Ttotal | Status | Flags |
---|---|---|---|---|---|---|
r-devel-linux-x86_64-debian-clang | 1.0 | 3.80 | 32.07 | 35.87 | NOTE | |
r-devel-linux-x86_64-debian-gcc | 1.0 | 3.16 | 25.03 | 28.19 | NOTE | |
r-devel-linux-x86_64-fedora-clang | 1.0 | 52.69 | NOTE | |||
r-devel-linux-x86_64-fedora-gcc | 1.0 | 43.83 | NOTE | |||
r-devel-windows-ix86+x86_64 | 1.0 | 6.00 | 39.00 | 45.00 | OK | |
r-patched-linux-x86_64 | 1.0 | 3.84 | 30.17 | 34.01 | NOTE | |
r-patched-solaris-x86 | 1.0 | 63.90 | NOTE | |||
r-release-linux-x86_64 | 1.0 | 3.67 | 30.40 | 34.07 | NOTE | |
r-release-macos-x86_64 | 1.0 | OK | ||||
r-release-windows-ix86+x86_64 | 1.0 | 7.00 | 46.00 | 53.00 | OK | |
r-oldrel-macos-x86_64 | 1.0 | OK | ||||
r-oldrel-windows-ix86+x86_64 | 1.0 | 5.00 | 33.00 | 38.00 | OK |
Version: 1.0
Check: for non-standard things in the check directory
Result: NOTE
Found the following files/directories:
'combination_cohort_2.bug'
Flavors: r-devel-linux-x86_64-debian-clang, r-devel-linux-x86_64-debian-gcc, r-devel-linux-x86_64-fedora-clang, r-devel-linux-x86_64-fedora-gcc, r-patched-linux-x86_64, r-patched-solaris-x86, r-release-linux-x86_64