CRAN Package Check Results for Package EWOC2

Last updated on 2020-06-06 16:47:30 CEST.

Flavor Version Tinstall Tcheck Ttotal Status Flags
r-devel-linux-x86_64-debian-clang 1.0 4.56 29.41 33.97 NOTE
r-devel-linux-x86_64-debian-gcc 1.0 3.31 23.23 26.54 NOTE
r-devel-linux-x86_64-fedora-clang 1.0 49.73 NOTE
r-devel-linux-x86_64-fedora-gcc 1.0 39.19 NOTE
r-devel-windows-ix86+x86_64 1.0 15.00 44.00 59.00 OK
r-patched-linux-x86_64 1.0 4.29 29.33 33.62 NOTE
r-patched-solaris-x86 1.0 62.10 NOTE
r-release-linux-x86_64 1.0 3.76 29.89 33.65 NOTE
r-release-osx-x86_64 1.0 OK
r-release-windows-ix86+x86_64 1.0 8.00 61.00 69.00 OK
r-oldrel-osx-x86_64 1.0 OK
r-oldrel-windows-ix86+x86_64 1.0 8.00 37.00 45.00 OK

Check Details

Version: 1.0
Check: for non-standard things in the check directory
Result: NOTE
    Found the following files/directories:
     'combination_cohort_2.bug'
Flavors: r-devel-linux-x86_64-debian-clang, r-devel-linux-x86_64-debian-gcc, r-devel-linux-x86_64-fedora-clang, r-devel-linux-x86_64-fedora-gcc, r-patched-linux-x86_64, r-patched-solaris-x86, r-release-linux-x86_64