CRAN Package Check Results for Package EXRQ

Last updated on 2021-09-20 21:52:22 CEST.

Flavor Version Tinstall Tcheck Ttotal Status Flags
r-devel-linux-x86_64-debian-clang 1.0 8.47 79.17 87.64 OK
r-devel-linux-x86_64-debian-gcc 1.0 7.14 60.91 68.05 OK
r-devel-linux-x86_64-fedora-clang 1.0 116.15 OK
r-devel-linux-x86_64-fedora-gcc 1.0 102.76 OK
r-devel-windows-x86_64 1.0 11.00 71.00 82.00 OK
r-devel-windows-x86_64-gcc10-UCRT 1.0 ERROR
r-patched-linux-x86_64 1.0 8.38 75.93 84.31 OK
r-patched-solaris-x86 1.0 159.00 OK
r-release-linux-x86_64 1.0 7.70 75.31 83.01 OK
r-release-macos-arm64 1.0 OK
r-release-macos-x86_64 1.0 OK
r-release-windows-ix86+x86_64 1.0 19.00 99.00 118.00 OK
r-oldrel-macos-x86_64 1.0 OK
r-oldrel-windows-ix86+x86_64 1.0 19.00 75.00 94.00 OK

Check Details

Version: 1.0
Check: whether package can be installed
Result: WARN
    Found the following significant warnings:
     WARNING: installation-time patches will not be applied, could not get the patches index
Flavor: r-devel-windows-x86_64-gcc10-UCRT

Version: 1.0
Check: PDF version of manual
Result: WARN
    LaTeX errors when creating PDF version.
    This typically indicates Rd problems.
Flavor: r-devel-windows-x86_64-gcc10-UCRT

Version: 1.0
Check: PDF version of manual without hyperrefs or index
Result: ERROR
    Re-running with no redirection of stdout/stderr.
Flavor: r-devel-windows-x86_64-gcc10-UCRT