CRAN Package Check Results for Package EasyMx

Last updated on 2019-10-16 11:49:49 CEST.

Flavor Version Tinstall Tcheck Ttotal Status Flags
r-devel-linux-x86_64-debian-clang 0.2-1 7.72 69.13 76.85 OK
r-devel-linux-x86_64-debian-gcc 0.2-1 8.27 53.86 62.13 OK
r-devel-linux-x86_64-fedora-clang 0.2-1 91.62 OK
r-devel-linux-x86_64-fedora-gcc 0.2-1 89.09 OK
r-devel-windows-ix86+x86_64 0.2-1 19.00 104.00 123.00 OK
r-patched-linux-x86_64 0.2-1 8.77 65.08 73.85 OK
r-patched-solaris-x86 0.2-1 145.80 ERROR
r-release-linux-x86_64 0.2-1 6.70 65.39 72.09 OK
r-release-windows-ix86+x86_64 0.2-1 15.00 117.00 132.00 OK
r-release-osx-x86_64 0.2-1 OK
r-oldrel-windows-ix86+x86_64 0.2-1 8.00 74.00 82.00 OK
r-oldrel-osx-x86_64 0.2-1 OK

Check Details

Version: 0.2-1
Check: examples
Result: ERROR
    Running examples in ‘EasyMx-Ex.R’ failed
    The error most likely occurred in:
    
    > ### Name: EasyMx-package
    > ### Title: EasyMx: Easy modeling in OpenMx
    > ### Aliases: EasyMx-package EasyMx
    >
    > ### ** Examples
    >
    >
    > # Make and run a one factor model
    > require(EasyMx)
    >
    > data(demoOneFactor)
    > fmod <- list(G=names(demoOneFactor))
    > fit1 <- emxFactorModel(fmod, demoOneFactor, run=TRUE)
    Running Model with 15 parameters
    Error: C stack usage 203920532 is too close to the limit
    Error: The job for model 'Model' exited abnormally with the error message: User interrupt
    Execution halted
Flavor: r-patched-solaris-x86