CRAN Package Check Results for Package Ecfun

Last updated on 2021-09-20 09:53:56 CEST.

Flavor Version Tinstall Tcheck Ttotal Status Flags
r-devel-linux-x86_64-debian-clang 0.2-5 14.46 145.18 159.64 OK
r-devel-linux-x86_64-debian-gcc 0.2-5 12.75 107.81 120.56 OK
r-devel-linux-x86_64-fedora-clang 0.2-5 206.49 NOTE
r-devel-linux-x86_64-fedora-gcc 0.2-5 159.27 OK
r-devel-windows-x86_64 0.2-5 15.00 143.00 158.00 OK
r-devel-windows-x86_64-gcc10-UCRT 0.2-5 ERROR
r-patched-linux-x86_64 0.2-5 16.06 146.61 162.67 OK
r-patched-solaris-x86 0.2-5 277.70 OK
r-release-linux-x86_64 0.2-5 13.32 146.52 159.84 OK
r-release-macos-arm64 0.2-5 OK
r-release-macos-x86_64 0.2-5 OK
r-release-windows-ix86+x86_64 0.2-5 32.00 195.00 227.00 OK
r-oldrel-macos-x86_64 0.2-5 OK
r-oldrel-windows-ix86+x86_64 0.2-5 32.00 197.00 229.00 OK

Check Details

Version: 0.2-5
Check: Rd cross-references
Result: NOTE
    Undeclared packages ‘EnvStats’, ‘drc’, ‘zoo’, ‘prodlim’, ‘plyr’, ‘TRAMPR’, ‘raster’ in Rd xrefs
Flavor: r-devel-linux-x86_64-fedora-clang

Version: 0.2-5
Check: whether package can be installed
Result: WARN
    Found the following significant warnings:
     WARNING: installation-time patches will not be applied, could not get the patches index
Flavor: r-devel-windows-x86_64-gcc10-UCRT

Version: 0.2-5
Check: PDF version of manual
Result: WARN
    LaTeX errors when creating PDF version.
    This typically indicates Rd problems.
Flavor: r-devel-windows-x86_64-gcc10-UCRT

Version: 0.2-5
Check: PDF version of manual without hyperrefs or index
Result: ERROR
    Re-running with no redirection of stdout/stderr.
Flavor: r-devel-windows-x86_64-gcc10-UCRT