Last updated on 2023-02-05 20:53:00 CET.
Flavor | Version | Tinstall | Tcheck | Ttotal | Status | Flags |
---|---|---|---|---|---|---|
r-devel-linux-x86_64-debian-clang | 1.0.1 | 793.44 | 166.46 | 959.90 | NOTE | |
r-devel-linux-x86_64-debian-gcc | 1.0.1 | 594.82 | 148.26 | 743.08 | NOTE | |
r-devel-linux-x86_64-fedora-clang | 1.0.1 | 1108.57 | NOTE | |||
r-devel-linux-x86_64-fedora-gcc | 1.0.1 | 1275.65 | NOTE | |||
r-devel-windows-x86_64 | 1.0.1 | 987.00 | 276.00 | 1263.00 | NOTE | |
r-patched-linux-x86_64 | 1.0.1 | 612.47 | 188.33 | 800.80 | NOTE | |
r-release-linux-x86_64 | 1.0.1 | 629.14 | 173.74 | 802.88 | NOTE | |
r-release-macos-arm64 | 1.0.1 | 340.00 | NOTE | |||
r-release-macos-x86_64 | 1.0.1 | 426.00 | NOTE | |||
r-release-windows-x86_64 | 1.0.1 | 470.00 | 282.00 | 752.00 | NOTE | |
r-oldrel-macos-arm64 | 1.0.1 | 344.00 | NOTE | |||
r-oldrel-macos-x86_64 | 1.0.1 | 411.00 | NOTE | |||
r-oldrel-windows-ix86+x86_64 | 1.0.1 | 1398.00 | 305.00 | 1703.00 | NOTE |
Version: 1.0.1
Check: C++ specification
Result: NOTE
Specified C++14: please update to current default of C++17
Flavors: r-devel-linux-x86_64-debian-clang, r-devel-linux-x86_64-debian-gcc, r-devel-linux-x86_64-fedora-clang, r-devel-linux-x86_64-fedora-gcc, r-devel-windows-x86_64
Version: 1.0.1
Check: for GNU extensions in Makefiles
Result: NOTE
GNU make is a SystemRequirements.
Flavors: r-devel-linux-x86_64-debian-clang, r-devel-linux-x86_64-debian-gcc, r-devel-linux-x86_64-fedora-clang, r-devel-linux-x86_64-fedora-gcc, r-devel-windows-x86_64, r-patched-linux-x86_64, r-release-linux-x86_64, r-release-macos-arm64, r-release-macos-x86_64, r-release-windows-x86_64, r-oldrel-macos-arm64, r-oldrel-macos-x86_64, r-oldrel-windows-ix86+x86_64
Version: 1.0.1
Check: installed package size
Result: NOTE
installed size is 8.4Mb
sub-directories of 1Mb or more:
libs 7.3Mb
Flavors: r-devel-linux-x86_64-fedora-clang, r-devel-windows-x86_64, r-release-macos-arm64, r-release-macos-x86_64, r-release-windows-x86_64, r-oldrel-macos-arm64, r-oldrel-macos-x86_64, r-oldrel-windows-ix86+x86_64
Version: 1.0.1
Check: dependencies in R code
Result: NOTE
Namespaces in Imports field not imported from:
‘RcppParallel’ ‘rstantools’
All declared Imports should be used.
Flavors: r-devel-linux-x86_64-fedora-clang, r-devel-linux-x86_64-fedora-gcc, r-release-macos-arm64, r-release-macos-x86_64, r-oldrel-macos-arm64, r-oldrel-macos-x86_64