CRAN Package Check Results for Package EcoHydRology

Last updated on 2021-12-01 03:55:26 CET.

Flavor Version Tinstall Tcheck Ttotal Status Flags
r-devel-linux-x86_64-debian-clang 0.4.12.1 5.75 43.79 49.54 OK
r-devel-linux-x86_64-debian-gcc 0.4.12.1 4.34 39.35 43.69 OK
r-devel-linux-x86_64-fedora-clang 0.4.12.1 71.84 NOTE
r-devel-linux-x86_64-fedora-gcc 0.4.12.1 61.28 NOTE
r-devel-windows-x86_64-new-UL 0.4.12.1 16.00 86.00 102.00 OK
r-devel-windows-x86_64-new-TK 0.4.12.1 NOTE
r-devel-windows-x86_64-old 0.4.12.1 9.00 54.00 63.00 OK
r-patched-linux-x86_64 0.4.12.1 5.19 42.99 48.18 OK
r-patched-solaris-x86 0.4.12.1 87.00 NOTE
r-release-linux-x86_64 0.4.12.1 5.99 42.96 48.95 OK
r-release-macos-arm64 0.4.12.1 NOTE
r-release-macos-x86_64 0.4.12.1 NOTE
r-release-windows-ix86+x86_64 0.4.12.1 11.00 52.00 63.00 OK
r-oldrel-macos-x86_64 0.4.12.1 NOTE
r-oldrel-windows-ix86+x86_64 0.4.12.1 8.00 74.00 82.00 OK

Check Details

Version: 0.4.12.1
Check: data for non-ASCII characters
Result: NOTE
     Note: found 8 marked UTF-8 strings
Flavors: r-devel-linux-x86_64-fedora-clang, r-devel-linux-x86_64-fedora-gcc, r-devel-windows-x86_64-new-TK, r-patched-solaris-x86, r-release-macos-arm64, r-release-macos-x86_64, r-oldrel-macos-x86_64