CRAN Package Check Results for Package EcoIndR

Last updated on 2019-03-20 08:48:27 CET.

Flavor Version Tinstall Tcheck Ttotal Status Flags
r-devel-linux-x86_64-debian-clang 1.5 3.93 36.00 39.93 WARN
r-devel-linux-x86_64-debian-gcc 1.5 4.16 28.52 32.68 OK
r-devel-linux-x86_64-fedora-clang 1.5 48.79 NOTE
r-devel-linux-x86_64-fedora-gcc 1.5 46.54 NOTE
r-devel-windows-ix86+x86_64 1.5 11.00 59.00 70.00 OK
r-patched-linux-x86_64 1.5 4.17 32.48 36.65 OK
r-patched-solaris-x86 1.5 66.40 NOTE
r-release-linux-x86_64 1.5 3.90 32.70 36.60 OK
r-release-windows-ix86+x86_64 1.5 8.00 42.00 50.00 OK
r-release-osx-x86_64 1.5 NOTE
r-oldrel-windows-ix86+x86_64 1.5 3.00 72.00 75.00 OK
r-oldrel-osx-x86_64 1.5 NOTE

Check Details

Version: 1.5
Check: whether package can be installed
Result: WARN
    Found the following significant warnings:
     Warning: unable to re-encode 'DER.R' line 398
Flavor: r-devel-linux-x86_64-debian-clang

Version: 1.5
Check: dependencies in R code
Result: NOTE
    Namespace in Imports field not imported from: ‘rgeos’
     All declared Imports should be used.
Flavors: r-devel-linux-x86_64-fedora-clang, r-devel-linux-x86_64-fedora-gcc, r-patched-solaris-x86, r-release-osx-x86_64, r-oldrel-osx-x86_64