CRAN Package Check Results for Package EdSurvey

Last updated on 2020-02-18 20:51:39 CET.

Flavor Version Tinstall Tcheck Ttotal Status Flags
r-devel-linux-x86_64-debian-clang 2.4.0 1.12 2.42 3.54 ERROR
r-devel-linux-x86_64-debian-gcc 2.4.0 39.84 404.48 444.32 OK
r-devel-linux-x86_64-fedora-clang 2.4.0 586.31 NOTE
r-devel-linux-x86_64-fedora-gcc 2.4.0 566.67 OK
r-devel-windows-ix86+x86_64 2.4.0 71.00 380.00 451.00 OK
r-devel-windows-ix86+x86_64-gcc8 2.4.0 117.00 544.00 661.00 OK
r-patched-linux-x86_64 2.4.0 37.56 418.03 455.59 OK
r-patched-solaris-x86 2.4.0 698.30 OK
r-release-linux-x86_64 2.4.0 38.31 424.79 463.10 OK
r-release-windows-ix86+x86_64 2.4.0 57.00 359.00 416.00 OK
r-release-osx-x86_64 2.4.0 OK
r-oldrel-windows-ix86+x86_64 2.4.0 44.00 373.00 417.00 OK
r-oldrel-osx-x86_64 2.4.0 OK

Check Details

Version: 2.4.0
Check: package dependencies
Result: ERROR
    Packages required but not available: 'car', 'quantreg'
    
    See section 'The DESCRIPTION file' in the 'Writing R Extensions'
    manual.
Flavor: r-devel-linux-x86_64-debian-clang

Version: 2.4.0
Check: package dependencies
Result: NOTE
    Imports includes 21 non-default packages.
    Importing from so many packages makes the package vulnerable to any of
    them becoming unavailable. Move as many as possible to Suggests and
    use conditionally.
Flavor: r-devel-linux-x86_64-fedora-clang