CRAN Package Check Results for Package EffectStars

Last updated on 2021-04-16 21:50:18 CEST.

Flavor Version Tinstall Tcheck Ttotal Status Flags
r-devel-linux-x86_64-debian-clang 1.9-1 8.01 55.11 63.12 OK
r-devel-linux-x86_64-debian-gcc 1.9-1 6.94 42.78 49.72 OK
r-devel-linux-x86_64-fedora-clang 1.9-1 85.58 NOTE
r-devel-linux-x86_64-fedora-gcc 1.9-1 80.14 OK
r-devel-windows-ix86+x86_64 1.9-1 15.00 75.00 90.00 OK
r-devel-windows-x86_64-gcc10-UCRT 1.9-1 OK
r-patched-linux-x86_64 1.9-1 7.55 51.38 58.93 OK
r-patched-solaris-x86 1.9-1 107.50 OK
r-release-linux-x86_64 1.9-1 7.78 51.27 59.05 OK
r-release-macos-x86_64 1.9-1 OK
r-release-windows-ix86+x86_64 1.9-1 13.00 78.00 91.00 OK
r-oldrel-macos-x86_64 1.9-1 OK
r-oldrel-windows-ix86+x86_64 1.9-1 9.00 69.00 78.00 OK

Check Details

Version: 1.9-1
Check: Rd cross-references
Result: NOTE
    Undeclared packages ‘carData’, ‘faraway’ in Rd xrefs
Flavor: r-devel-linux-x86_64-fedora-clang