Last updated on 2023-03-31 05:54:22 CEST.
Flavor | Version | Tinstall | Tcheck | Ttotal | Status | Flags |
---|---|---|---|---|---|---|
r-devel-linux-x86_64-debian-clang | 1.2.3 | 448.06 | 30.99 | 479.05 | NOTE | |
r-devel-linux-x86_64-debian-gcc | 1.2.3 | 405.68 | 40.70 | 446.38 | NOTE | |
r-devel-linux-x86_64-fedora-clang | 1.2.3 | 650.22 | NOTE | |||
r-devel-linux-x86_64-fedora-gcc | 1.2.3 | 761.71 | NOTE | |||
r-devel-windows-x86_64 | 1.2.3 | 316.00 | 0.00 | 316.00 | NOTE | |
r-patched-linux-x86_64 | 1.2.3 | 437.42 | 52.48 | 489.90 | NOTE | |
r-release-linux-x86_64 | 1.2.3 | 443.66 | 46.62 | 490.28 | OK | |
r-release-macos-arm64 | 1.2.3 | 218.00 | NOTE | |||
r-release-macos-x86_64 | 1.2.3 | 223.00 | NOTE | |||
r-release-windows-x86_64 | 1.2.3 | 292.00 | 110.00 | 402.00 | OK | |
r-oldrel-macos-arm64 | 1.2.3 | 195.00 | NOTE | |||
r-oldrel-macos-x86_64 | 1.2.3 | 221.00 | NOTE | |||
r-oldrel-windows-ix86+x86_64 | 1.2.3 | 981.00 | 112.00 | 1093.00 | OK |
Version: 1.2.3
Check: C++ specification
Result: NOTE
Specified C++11: please drop specification unless essential
Flavors: r-devel-linux-x86_64-debian-clang, r-devel-linux-x86_64-debian-gcc, r-devel-linux-x86_64-fedora-clang, r-devel-linux-x86_64-fedora-gcc, r-devel-windows-x86_64, r-patched-linux-x86_64
Version: 1.2.3
Check: installed package size
Result: NOTE
installed size is 142.4Mb
sub-directories of 1Mb or more:
libs 142.3Mb
Flavors: r-release-macos-arm64, r-release-macos-x86_64, r-oldrel-macos-arm64, r-oldrel-macos-x86_64