CRAN Package Check Results for Package EigenR

Last updated on 2022-10-02 08:55:13 CEST.

Flavor Version Tinstall Tcheck Ttotal Status Flags
r-devel-linux-x86_64-debian-clang 1.2.3 452.21 31.87 484.08 OK
r-devel-linux-x86_64-debian-gcc 1.2.3 420.48 38.58 459.06 OK
r-devel-linux-x86_64-fedora-clang 1.2.3 611.86 OK
r-devel-linux-x86_64-fedora-gcc 1.2.3 761.92 OK
r-devel-windows-x86_64 1.2.3 269.00 106.00 375.00 OK
r-patched-linux-x86_64 1.2.3 427.07 47.58 474.65 OK
r-release-linux-x86_64 1.2.3 442.59 47.18 489.77 OK
r-release-macos-arm64 1.2.3 218.00 NOTE
r-release-macos-x86_64 1.2.3 223.00 NOTE
r-release-windows-x86_64 1.2.3 330.00 103.00 433.00 OK
r-oldrel-macos-arm64 1.2.3 195.00 NOTE
r-oldrel-macos-x86_64 1.2.3 221.00 NOTE
r-oldrel-windows-ix86+x86_64 1.2.3 985.00 117.00 1102.00 OK

Check Details

Version: 1.2.3
Check: installed package size
Result: NOTE
     installed size is 142.4Mb
     sub-directories of 1Mb or more:
     libs 142.3Mb
Flavors: r-release-macos-arm64, r-release-macos-x86_64, r-oldrel-macos-arm64, r-oldrel-macos-x86_64