CRAN Package Check Results for Package EleChemr

Last updated on 2022-08-10 23:14:08 CEST.

Flavor Version Tinstall Tcheck Ttotal Status Flags
r-devel-linux-x86_64-debian-clang 1.2.0 18.54 98.26 116.80 NOTE
r-devel-linux-x86_64-debian-gcc 1.2.0 12.95 70.73 83.68 NOTE
r-devel-linux-x86_64-fedora-clang 1.2.0 148.80 NOTE
r-devel-linux-x86_64-fedora-gcc 1.2.0 150.28 NOTE
r-devel-windows-x86_64 1.2.0 21.00 105.00 126.00 NOTE
r-patched-linux-x86_64 1.2.0 14.00 90.43 104.43 NOTE
r-release-linux-x86_64 1.2.0 NOTE
r-release-macos-arm64 1.2.0 35.00 NOTE
r-release-macos-x86_64 1.2.0 61.00 NOTE
r-release-windows-x86_64 1.2.0 23.00 110.00 133.00 NOTE
r-oldrel-macos-arm64 1.2.0 40.00 NOTE
r-oldrel-macos-x86_64 1.2.0 51.00 NOTE
r-oldrel-windows-ix86+x86_64 1.2.0 31.00 108.00 139.00 NOTE

Check Details

Version: 1.2.0
Check: LazyData
Result: NOTE
     'LazyData' is specified without a 'data' directory
Flavors: r-devel-linux-x86_64-debian-clang, r-devel-linux-x86_64-debian-gcc, r-devel-linux-x86_64-fedora-clang, r-devel-linux-x86_64-fedora-gcc, r-devel-windows-x86_64, r-patched-linux-x86_64, r-release-linux-x86_64, r-release-macos-arm64, r-release-macos-x86_64, r-release-windows-x86_64, r-oldrel-macos-arm64, r-oldrel-macos-x86_64, r-oldrel-windows-ix86+x86_64