CRAN Package Check Results for Package EloChoice

Last updated on 2020-07-15 10:50:26 CEST.

Flavor Version Tinstall Tcheck Ttotal Status Flags
r-devel-linux-x86_64-debian-clang 0.29.4 33.71 103.61 137.32 OK
r-devel-linux-x86_64-debian-gcc 0.29.4 25.83 87.50 113.33 OK
r-devel-linux-x86_64-fedora-clang 0.29.4 182.31 NOTE
r-devel-linux-x86_64-fedora-gcc 0.29.4 171.63 OK
r-devel-windows-ix86+x86_64 0.29.4 88.00 198.00 286.00 OK
r-patched-linux-x86_64 0.29.4 26.08 102.07 128.15 OK
r-patched-solaris-x86 0.29.4 259.70 OK
r-release-linux-x86_64 0.29.4 27.02 101.36 128.38 OK
r-release-macos-x86_64 0.29.4 ERROR
r-release-windows-ix86+x86_64 0.29.4 86.00 196.00 282.00 OK
r-oldrel-macos-x86_64 0.29.4 OK
r-oldrel-windows-ix86+x86_64 0.29.4 77.00 177.00 254.00 OK

Check Details

Version: 0.29.4
Check: Rd cross-references
Result: NOTE
    Undeclared package ‘EloRating’ in Rd xrefs
Flavor: r-devel-linux-x86_64-fedora-clang

Version: 0.29.4
Check: whether package can be installed
Result: ERROR
    Installation failed.
Flavor: r-release-macos-x86_64