Last updated on 2023-03-23 12:52:04 CET.
Flavor | Version | Tinstall | Tcheck | Ttotal | Status | Flags |
---|---|---|---|---|---|---|
r-devel-linux-x86_64-debian-clang | 0.4.7 | 442.02 | 295.72 | 737.74 | NOTE | |
r-devel-linux-x86_64-debian-gcc | 0.4.7 | 410.28 | 257.70 | 667.98 | NOTE | |
r-devel-linux-x86_64-fedora-clang | 0.4.7 | 920.34 | NOTE | |||
r-devel-linux-x86_64-fedora-gcc | 0.4.7 | 1138.95 | NOTE | |||
r-devel-windows-x86_64 | 0.4.7 | 666.00 | 432.00 | 1098.00 | NOTE | |
r-patched-linux-x86_64 | 0.4.7 | 425.97 | 316.94 | 742.91 | NOTE | |
r-release-linux-x86_64 | 0.4.7 | 427.30 | 316.85 | 744.15 | NOTE | |
r-release-macos-arm64 | 0.4.7 | 248.00 | NOTE | |||
r-release-macos-x86_64 | 0.4.7 | 349.00 | NOTE | |||
r-release-windows-x86_64 | 0.4.7 | 866.00 | 412.00 | 1278.00 | NOTE | |
r-oldrel-macos-arm64 | 0.4.7 | 242.00 | NOTE | |||
r-oldrel-macos-x86_64 | 0.4.7 | 343.00 | NOTE | |||
r-oldrel-windows-ix86+x86_64 | 0.4.7 | 1009.00 | 731.00 | 1740.00 | NOTE |
Version: 0.4.7
Check: for GNU extensions in Makefiles
Result: NOTE
GNU make is a SystemRequirements.
Flavors: r-devel-linux-x86_64-debian-clang, r-devel-linux-x86_64-debian-gcc, r-devel-linux-x86_64-fedora-clang, r-devel-linux-x86_64-fedora-gcc, r-devel-windows-x86_64, r-patched-linux-x86_64, r-release-linux-x86_64, r-release-macos-arm64, r-release-macos-x86_64, r-release-windows-x86_64, r-oldrel-macos-arm64, r-oldrel-macos-x86_64, r-oldrel-windows-ix86+x86_64
Version: 0.4.7
Check: installed package size
Result: NOTE
installed size is 5.9Mb
sub-directories of 1Mb or more:
libs 4.6Mb
Flavors: r-devel-linux-x86_64-fedora-clang, r-devel-windows-x86_64, r-release-macos-arm64, r-release-macos-x86_64, r-release-windows-x86_64, r-oldrel-macos-arm64, r-oldrel-macos-x86_64, r-oldrel-windows-ix86+x86_64