CRAN Package Check Results for Package EmiStatR

Last updated on 2024-05-20 15:56:31 CEST.

Flavor Version Tinstall Tcheck Ttotal Status Flags
r-devel-linux-x86_64-debian-clang 1.2.3.0 6.78 44.55 51.33 NOTE
r-devel-linux-x86_64-debian-gcc 1.2.3.0 5.33 33.31 38.64 NOTE
r-devel-linux-x86_64-fedora-clang 1.2.3.0 66.08 NOTE
r-devel-linux-x86_64-fedora-gcc 1.2.3.0 63.47 NOTE
r-devel-windows-x86_64 1.2.3.0 7.00 58.00 65.00 NOTE
r-patched-linux-x86_64 1.2.3.0 5.70 42.77 48.47 NOTE
r-release-linux-x86_64 1.2.3.0 6.11 41.59 47.70 NOTE
r-release-macos-arm64 1.2.3.0 24.00 NOTE
r-release-windows-x86_64 1.2.3.0 7.00 58.00 65.00 NOTE
r-oldrel-macos-arm64 1.2.3.0 27.00 OK
r-oldrel-macos-x86_64 1.2.3.0 48.00 ERROR
r-oldrel-windows-x86_64 1.2.3.0 9.00 67.00 76.00 OK

Check Details

Version: 1.2.3.0
Check: Rd files
Result: NOTE checkRd: (-1) EmiStatR-methods.Rd:86: Lost braces; missing escapes or markup? 86 | execute {EmiStatR} function | ^ checkRd: (-1) input-class.Rd:136: Lost braces; missing escapes or markup? 136 | \item{EmiStatR}{\code{signature(x = "input")}: execute {EmiStatR} function } | ^ Flavors: r-devel-linux-x86_64-debian-clang, r-devel-linux-x86_64-debian-gcc, r-devel-linux-x86_64-fedora-clang, r-devel-linux-x86_64-fedora-gcc, r-devel-windows-x86_64, r-patched-linux-x86_64, r-release-linux-x86_64, r-release-macos-arm64, r-release-windows-x86_64

Version: 1.2.3.0
Check: examples
Result: ERROR Running examples in ‘EmiStatR-Ex.R’ failed The error most likely occurred in: > ### Name: CInp2TS > ### Title: Function to convert Constant Input to Time Series > ### Aliases: CInp2TS > ### Keywords: CInp2TS > > ### ** Examples > > library(EmiStatR) > library(zoo) Attaching package: ‘zoo’ The following objects are masked from ‘package:base’: as.Date, as.Date.numeric > > data("Esch_Sure2010") > data("qs_factor") > > cinp <- 150 # water consumption [m3/h] > prec <- Esch_Sure2010[1:1000,] # selecting just the first 1,000 rows > > cinp.daily.file <- qs_factor > cinp.weekly <- list(mon=1, tue=.83, wed=.83, thu=.83, fri=1, sat=1.25, sun=1.25) > # factors average to 1 > cinp.seasonal <- list(jan=.79, feb=.79, mar=1.15, apr=1.15, may=1.15, jun=1.15, + jul=1.15, aug=1.15, sep=1.15, oct=1.15, nov=.79, dec=.79) > # factors average to 1 > ts1 <- CInp2TS(cinp, prec, cinp.daily.file, cinp.weekly, cinp.seasonal) Error in `[.xts`(cinp.ts.deltap, 1:nrow(P1), ) : subscript out of bounds Calls: CInp2TS -> [ -> [.xts Execution halted Flavor: r-oldrel-macos-x86_64