CRAN Package Check Results for Package EmissV

Last updated on 2025-04-29 12:52:35 CEST.

Flavor Version Tinstall Tcheck Ttotal Status Flags
r-devel-linux-x86_64-debian-clang 0.665.9.0 31.10 367.40 398.50 NOTE
r-devel-linux-x86_64-debian-gcc 0.665.9.0 22.34 237.52 259.86 NOTE
r-devel-linux-x86_64-fedora-clang 0.665.9.0 629.50 OK
r-devel-linux-x86_64-fedora-gcc 0.665.9.0 601.62 OK
r-devel-windows-x86_64 0.665.9.0 28.00 288.00 316.00 WARN
r-patched-linux-x86_64 0.665.9.0 30.50 348.54 379.04 OK
r-release-linux-x86_64 0.665.9.0 30.70 344.37 375.07 OK
r-release-macos-arm64 0.665.9.0 157.00 OK
r-release-macos-x86_64 0.665.9.0 353.00 OK
r-release-windows-x86_64 0.665.9.0 28.00 305.00 333.00 OK
r-oldrel-macos-arm64 0.665.9.0 148.00 OK
r-oldrel-macos-x86_64 0.665.9.0 515.00 OK
r-oldrel-windows-x86_64 0.665.9.0 37.00 421.00 458.00 OK

Check Details

Version: 0.665.9.0
Check: examples
Result: NOTE Examples with CPU (user + system) or elapsed time > 5s user system elapsed emission 9.963 0.658 12.983 areaSource 5.548 0.191 7.142 Flavor: r-devel-linux-x86_64-debian-clang

Version: 0.665.9.0
Check: examples
Result: NOTE Examples with CPU (user + system) or elapsed time > 5s user system elapsed emission 5.726 0.195 6.963 Flavor: r-devel-linux-x86_64-debian-gcc

Version: 0.665.9.0
Check: whether the package can be unloaded cleanly
Result: WARN
Flavor: r-devel-windows-x86_64