Last updated on 2023-12-05 01:53:18 CET.
Flavor | Version | Tinstall | Tcheck | Ttotal | Status | Flags |
---|---|---|---|---|---|---|
r-devel-linux-x86_64-debian-clang | 1.0.2 | 16.16 | 105.51 | 121.67 | NOTE | |
r-devel-linux-x86_64-debian-gcc | 1.0.2 | 12.04 | 78.79 | 90.83 | NOTE | |
r-devel-linux-x86_64-fedora-clang | 1.0.2 | 148.28 | OK | |||
r-devel-linux-x86_64-fedora-gcc | 1.0.2 | 146.16 | OK | |||
r-devel-windows-x86_64 | 1.0.2 | 13.00 | 96.00 | 109.00 | OK | |
r-patched-linux-x86_64 | 1.0.2 | 14.37 | 102.80 | 117.17 | OK | |
r-release-linux-x86_64 | 1.0.2 | 10.97 | 102.52 | 113.49 | OK | |
r-release-macos-arm64 | 1.0.2 | 50.00 | OK | |||
r-release-macos-x86_64 | 1.0.2 | 79.00 | OK | |||
r-release-windows-x86_64 | 1.0.2 | 17.00 | 117.00 | 134.00 | OK | |
r-oldrel-macos-arm64 | 1.0.2 | 40.00 | OK | |||
r-oldrel-macos-x86_64 | 1.0.2 | 61.00 | OK | |||
r-oldrel-windows-x86_64 | 1.0.2 | 17.00 | 113.00 | 130.00 | OK |
Version: 1.0.2
Check: Rd files
Result: NOTE
checkRd: (-1) ALL.Regression.Config-class.Rd:39: Lost braces
39 | \item{code{shrinkage}:}{Object of class \code{"numeric"}, defining the shrinkage parameter applied to each tree in expansion.}
| ^
Flavors: r-devel-linux-x86_64-debian-clang, r-devel-linux-x86_64-debian-gcc