CRAN Package Check Results for Package EntropyEstimation

Last updated on 2021-04-16 20:50:02 CEST.

Flavor Version Tinstall Tcheck Ttotal Status Flags
r-devel-linux-x86_64-debian-clang 1.2 3.18 22.10 25.28 OK
r-devel-linux-x86_64-debian-gcc 1.2 2.48 17.06 19.54 OK
r-devel-linux-x86_64-fedora-clang 1.2 40.74 NOTE
r-devel-linux-x86_64-fedora-gcc 1.2 31.47 NOTE
r-devel-windows-ix86+x86_64 1.2 9.00 41.00 50.00 OK
r-devel-windows-x86_64-gcc10-UCRT 1.2 OK
r-patched-linux-x86_64 1.2 2.88 21.00 23.88 OK
r-patched-solaris-x86 1.2 45.90 OK
r-release-linux-x86_64 1.2 2.83 21.18 24.01 OK
r-release-macos-x86_64 1.2 OK
r-release-windows-ix86+x86_64 1.2 7.00 41.00 48.00 OK
r-oldrel-macos-x86_64 1.2 OK
r-oldrel-windows-ix86+x86_64 1.2 11.00 48.00 59.00 OK

Check Details

Version: 1.2
Check: compiled code
Result: NOTE
    File ‘EntropyEstimation/libs/EntropyEstimation.so’:
     Found no calls to: ‘R_registerRoutines’, ‘R_useDynamicSymbols’
    
    It is good practice to register native routines and to disable symbol
    search.
    
    See ‘Writing portable packages’ in the ‘Writing R Extensions’ manual.
Flavors: r-devel-linux-x86_64-fedora-clang, r-devel-linux-x86_64-fedora-gcc