CRAN Package Check Results for Package EntropyEstimation

Last updated on 2024-05-28 05:03:03 CEST.

Flavor Version Tinstall Tcheck Ttotal Status Flags
r-devel-linux-x86_64-debian-clang 1.2 3.07 22.16 25.23 OK
r-devel-linux-x86_64-debian-gcc 1.2 2.65 17.86 20.51 OK
r-devel-linux-x86_64-fedora-clang 1.2 32.90 NOTE
r-devel-linux-x86_64-fedora-gcc 1.2 32.41 NOTE
r-devel-windows-x86_64 1.2 5.00 45.00 50.00 OK
r-patched-linux-x86_64 1.2 3.82 22.86 26.68 OK
r-release-linux-x86_64 1.2 3.32 21.71 25.03 OK
r-release-macos-arm64 1.2 16.00 OK
r-release-windows-x86_64 1.2 6.00 46.00 52.00 OK
r-oldrel-macos-arm64 1.2 14.00 OK
r-oldrel-macos-x86_64 1.2 20.00 OK
r-oldrel-windows-x86_64 1.2 8.00 42.00 50.00 OK

Check Details

Version: 1.2
Check: compiled code
Result: NOTE File ‘EntropyEstimation/libs/EntropyEstimation.so’: Found no calls to: ‘R_registerRoutines’, ‘R_useDynamicSymbols’ It is good practice to register native routines and to disable symbol search. See ‘Writing portable packages’ in the ‘Writing R Extensions’ manual. Flavors: r-devel-linux-x86_64-fedora-clang, r-devel-linux-x86_64-fedora-gcc