CRAN Package Check Results for Package EntropyMCMC

Last updated on 2021-05-14 18:48:10 CEST.

Flavor Version Tinstall Tcheck Ttotal Status Flags
r-devel-linux-x86_64-debian-clang 1.0.4 12.74 101.80 114.54 OK
r-devel-linux-x86_64-debian-gcc 1.0.4 8.69 77.41 86.10 OK
r-devel-linux-x86_64-fedora-clang 1.0.4 143.88 OK
r-devel-linux-x86_64-fedora-gcc 1.0.4 142.45 OK
r-devel-windows-ix86+x86_64 1.0.4 26.00 177.00 203.00 OK
r-devel-windows-x86_64-gcc10-UCRT 1.0.4 OK
r-patched-linux-x86_64 1.0.4 11.31 99.67 110.98 OK
r-patched-solaris-x86 1.0.4 177.00 OK
r-release-linux-x86_64 1.0.4 10.28 95.66 105.94 OK
r-release-macos-x86_64 1.0.4 NOTE
r-release-windows-ix86+x86_64 1.0.4 20.00 171.00 191.00 OK
r-oldrel-macos-x86_64 1.0.4 NOTE
r-oldrel-windows-ix86+x86_64 1.0.4 17.00 155.00 172.00 OK

Check Details

Version: 1.0.4
Check: package dependencies
Result: NOTE
    Package suggested but not available for checking: ‘Rmpi’
Flavors: r-release-macos-x86_64, r-oldrel-macos-x86_64