CRAN Package Check Results for Package EnvNJ

Last updated on 2021-10-22 18:49:42 CEST.

Flavor Version Tinstall Tcheck Ttotal Status Flags
r-devel-linux-x86_64-debian-clang 0.1.3 11.75 428.70 440.45 OK
r-devel-linux-x86_64-debian-gcc 0.1.3 9.24 314.09 323.33 OK
r-devel-linux-x86_64-fedora-clang 0.1.3 556.20 OK
r-devel-linux-x86_64-fedora-gcc 0.1.3 542.03 OK
r-devel-windows-x86_64 0.1.3 16.00 503.00 519.00 OK
r-devel-windows-x86_64-gcc10-UCRT 0.1.3 ERROR
r-patched-linux-x86_64 0.1.3 10.72 438.04 448.76 OK
r-patched-solaris-x86 0.1.3 673.00 OK
r-release-linux-x86_64 0.1.3 10.74 429.87 440.61 OK
r-release-macos-arm64 0.1.3 OK
r-release-macos-x86_64 0.1.3 OK
r-release-windows-ix86+x86_64 0.1.3 17.00 494.00 511.00 OK
r-oldrel-macos-x86_64 0.1.3 OK
r-oldrel-windows-ix86+x86_64 0.1.3 24.00 534.00 558.00 OK

Check Details

Version: 0.1.3
Check: package dependencies
Result: ERROR
    Package required but not available: 'phangorn'
    
    See section 'The DESCRIPTION file' in the 'Writing R Extensions'
    manual.
Flavor: r-devel-windows-x86_64-gcc10-UCRT