Last updated on 2022-08-09 09:52:52 CEST.
Flavor | Version | Tinstall | Tcheck | Ttotal | Status | Flags |
---|---|---|---|---|---|---|
r-devel-linux-x86_64-debian-clang | 2.4-2 | 6.50 | 95.08 | 101.58 | OK | |
r-devel-linux-x86_64-debian-gcc | 2.4-2 | 5.24 | 70.22 | 75.46 | OK | |
r-devel-linux-x86_64-fedora-clang | 2.4-2 | 135.27 | NOTE | |||
r-devel-linux-x86_64-fedora-gcc | 2.4-2 | 130.46 | NOTE | |||
r-devel-windows-x86_64 | 2.4-2 | 14.00 | 148.00 | 162.00 | OK | |
r-patched-linux-x86_64 | 2.4-2 | 5.63 | 87.42 | 93.05 | OK | |
r-release-linux-x86_64 | 2.4-2 | OK | ||||
r-release-macos-arm64 | 2.4-2 | 37.00 | NOTE | |||
r-release-macos-x86_64 | 2.4-2 | 64.00 | NOTE | |||
r-release-windows-x86_64 | 2.4-2 | 14.00 | 150.00 | 164.00 | OK | |
r-oldrel-macos-arm64 | 2.4-2 | 43.00 | NOTE | |||
r-oldrel-macos-x86_64 | 2.4-2 | 49.00 | NOTE | |||
r-oldrel-windows-ix86+x86_64 | 2.4-2 | 17.00 | 128.00 | 145.00 | OK |
Version: 2.4-2
Check: dependencies in R code
Result: NOTE
Namespace in Imports field not imported from: ‘tibble’
All declared Imports should be used.
Flavors: r-devel-linux-x86_64-fedora-clang, r-devel-linux-x86_64-fedora-gcc, r-release-macos-arm64, r-release-macos-x86_64, r-oldrel-macos-arm64, r-oldrel-macos-x86_64