Last updated on 2023-01-31 11:51:38 CET.
Flavor | Version | Tinstall | Tcheck | Ttotal | Status | Flags |
---|---|---|---|---|---|---|
r-devel-linux-x86_64-debian-clang | 0.3.1 | 46.26 | 48.75 | 95.01 | OK | |
r-devel-linux-x86_64-debian-gcc | 0.3.1 | 40.98 | 37.34 | 78.32 | OK | |
r-devel-linux-x86_64-fedora-clang | 0.3.1 | 138.21 | OK | |||
r-devel-linux-x86_64-fedora-gcc | 0.3.1 | 128.44 | OK | |||
r-devel-windows-x86_64 | 0.3.1 | 60.00 | 107.00 | 167.00 | OK | |
r-patched-linux-x86_64 | 0.3.1 | 39.13 | 48.10 | 87.23 | OK | |
r-release-linux-x86_64 | 0.3.1 | 42.76 | 48.13 | 90.89 | OK | |
r-release-macos-arm64 | 0.3.1 | 39.00 | NOTE | |||
r-release-macos-x86_64 | 0.3.1 | 49.00 | NOTE | |||
r-release-windows-x86_64 | 0.3.1 | 58.00 | 105.00 | 163.00 | OK | |
r-oldrel-macos-arm64 | 0.3.1 | 37.00 | NOTE | |||
r-oldrel-macos-x86_64 | 0.3.1 | 58.00 | NOTE | |||
r-oldrel-windows-ix86+x86_64 | 0.3.1 | 104.00 | 114.00 | 218.00 | NOTE |
Version: 0.3.1
Check: installed package size
Result: NOTE
installed size is 6.1Mb
sub-directories of 1Mb or more:
data 3.2Mb
libs 2.8Mb
Flavors: r-release-macos-arm64, r-release-macos-x86_64, r-oldrel-macos-arm64, r-oldrel-macos-x86_64, r-oldrel-windows-ix86+x86_64