CRAN Package Check Results for Package EpiModel

Last updated on 2019-05-25 09:54:09 CEST.

Flavor Version Tinstall Tcheck Ttotal Status Flags
r-devel-linux-x86_64-debian-clang 1.7.2 22.91 226.92 249.83 OK
r-devel-linux-x86_64-debian-gcc 1.7.2 16.60 177.19 193.79 OK
r-devel-linux-x86_64-fedora-clang 1.7.2 291.67 OK
r-devel-linux-x86_64-fedora-gcc 1.7.2 286.94 OK
r-devel-windows-ix86+x86_64 1.7.2 38.00 367.00 405.00 OK
r-patched-linux-x86_64 1.7.2 OK
r-patched-solaris-x86 1.7.2 438.60 OK
r-release-linux-x86_64 1.7.2 17.91 242.50 260.41 OK
r-release-windows-ix86+x86_64 1.7.2 16.00 6.00 22.00 ERROR
r-release-osx-x86_64 1.7.2 OK
r-oldrel-windows-ix86+x86_64 1.7.2 44.00 634.00 678.00 OK
r-oldrel-osx-x86_64 1.7.2 OK

Check Details

Version: 1.7.2
Check: whether package can be installed
Result: ERROR
    Installation failed.
Flavor: r-release-windows-ix86+x86_64