CRAN Package Check Results for Package EpiNow2

Last updated on 2024-02-26 21:52:50 CET.

Flavor Version Tinstall Tcheck Ttotal Status Flags
r-devel-linux-x86_64-debian-clang 1.4.0 853.10 290.62 1143.72 NOTE
r-devel-linux-x86_64-debian-gcc 1.4.0 761.34 256.02 1017.36 NOTE
r-devel-linux-x86_64-fedora-clang 1.4.0 1419.57 NOTE
r-devel-linux-x86_64-fedora-gcc 1.4.0 1804.41 NOTE
r-devel-windows-x86_64 1.4.0 627.00 291.00 918.00 NOTE
r-patched-linux-x86_64 1.4.0 696.96 329.45 1026.41 NOTE
r-release-linux-x86_64 1.4.0 0.02 3.02 3.04 ERROR
r-release-macos-arm64 1.4.0 489.00 NOTE
r-release-macos-x86_64 1.4.0 853.00 NOTE
r-release-windows-x86_64 1.4.0 779.00 379.00 1158.00 NOTE
r-oldrel-macos-arm64 1.4.0 402.00 NOTE
r-oldrel-windows-x86_64 1.4.0 730.00 352.00 1082.00 NOTE

Check Details

Version: 1.4.0
Check: for GNU extensions in Makefiles
Result: NOTE GNU make is a SystemRequirements. Flavors: r-devel-linux-x86_64-debian-clang, r-devel-linux-x86_64-debian-gcc, r-devel-linux-x86_64-fedora-clang, r-devel-linux-x86_64-fedora-gcc, r-devel-windows-x86_64, r-patched-linux-x86_64, r-release-macos-arm64, r-release-macos-x86_64, r-release-windows-x86_64, r-oldrel-macos-arm64, r-oldrel-windows-x86_64

Version: 1.4.0
Check: installed package size
Result: NOTE installed size is 11.6Mb sub-directories of 1Mb or more: help 2.1Mb libs 8.4Mb Flavors: r-devel-linux-x86_64-fedora-clang, r-devel-windows-x86_64, r-release-macos-arm64, r-release-macos-x86_64, r-release-windows-x86_64, r-oldrel-macos-arm64, r-oldrel-windows-x86_64

Version: 1.4.0
Check: whether package can be installed
Result: ERROR Installation failed. Flavor: r-release-linux-x86_64