CRAN Package Check Results for Package EpistemicGameTheory

Last updated on 2024-04-24 23:00:19 CEST.

Flavor Version Tinstall Tcheck Ttotal Status Flags
r-devel-linux-x86_64-debian-clang 0.1.2 3.04 25.18 28.22 NOTE
r-devel-linux-x86_64-debian-gcc 0.1.2 2.94 19.66 22.60 NOTE
r-devel-linux-x86_64-fedora-clang 0.1.2 36.48 NOTE
r-devel-linux-x86_64-fedora-gcc 0.1.2 36.34 NOTE
r-devel-windows-x86_64 0.1.2 4.00 41.00 45.00 NOTE
r-patched-linux-x86_64 0.1.2 3.30 25.10 28.40 NOTE
r-release-linux-x86_64 0.1.2 3.82 24.44 28.26 NOTE
r-release-macos-arm64 0.1.2 16.00 NOTE
r-release-windows-x86_64 0.1.2 4.00 38.00 42.00 NOTE
r-oldrel-macos-arm64 0.1.2 18.00 NOTE
r-oldrel-macos-x86_64 0.1.2 22.00 NOTE
r-oldrel-windows-x86_64 0.1.2 3.00 39.00 42.00 NOTE

Check Details

Version: 0.1.2
Check: LazyData
Result: NOTE 'LazyData' is specified without a 'data' directory Flavors: r-devel-linux-x86_64-debian-clang, r-devel-linux-x86_64-debian-gcc, r-devel-linux-x86_64-fedora-clang, r-devel-linux-x86_64-fedora-gcc, r-devel-windows-x86_64, r-patched-linux-x86_64, r-release-linux-x86_64, r-release-macos-arm64, r-release-windows-x86_64, r-oldrel-macos-arm64, r-oldrel-macos-x86_64, r-oldrel-windows-x86_64