CRAN Package Check Results for Package Equalden.HD

Last updated on 2020-07-13 13:48:37 CEST.

Flavor Version Tinstall Tcheck Ttotal Status Flags
r-devel-linux-x86_64-debian-clang 1.2 3.23 22.25 25.48 OK
r-devel-linux-x86_64-debian-gcc 1.2 2.76 17.13 19.89 OK
r-devel-linux-x86_64-fedora-clang 1.2 40.58 OK
r-devel-linux-x86_64-fedora-gcc 1.2 32.69 OK
r-devel-windows-ix86+x86_64 1.2 11.00 41.00 52.00 OK
r-patched-linux-x86_64 1.2 3.69 21.69 25.38 OK
r-patched-solaris-x86 1.2 45.50 OK
r-release-linux-x86_64 1.2 3.43 22.11 25.54 OK
r-release-macos-x86_64 1.2 ERROR
r-release-windows-ix86+x86_64 1.2 9.00 35.00 44.00 OK
r-oldrel-macos-x86_64 1.2 OK
r-oldrel-windows-ix86+x86_64 1.2 12.00 47.00 59.00 OK

Check Details

Version: 1.2
Check: whether package can be installed
Result: ERROR
    Installation failed.
Flavor: r-release-macos-x86_64