CRAN Package Check Results for Package EquiSurv

Last updated on 2021-04-12 01:47:09 CEST.

Flavor Version Tinstall Tcheck Ttotal Status Flags
r-devel-linux-x86_64-debian-clang 0.1.0 8.15 101.47 109.62 NOTE
r-devel-linux-x86_64-debian-gcc 0.1.0 5.30 75.49 80.79 NOTE
r-devel-linux-x86_64-fedora-clang 0.1.0 135.19 NOTE
r-devel-linux-x86_64-fedora-gcc 0.1.0 124.76 NOTE
r-devel-windows-ix86+x86_64 0.1.0 16.00 128.00 144.00 NOTE
r-devel-windows-x86_64-gcc10-UCRT 0.1.0 NOTE
r-patched-linux-x86_64 0.1.0 6.49 97.02 103.51 OK
r-patched-solaris-x86 0.1.0 171.10 OK
r-release-linux-x86_64 0.1.0 6.75 95.60 102.35 OK
r-release-macos-x86_64 0.1.0 OK
r-release-windows-ix86+x86_64 0.1.0 12.00 124.00 136.00 OK
r-oldrel-macos-x86_64 0.1.0 OK
r-oldrel-windows-ix86+x86_64 0.1.0 14.00 85.00 99.00 OK

Check Details

Version: 0.1.0
Check: LazyData
Result: NOTE
     'LazyData' is specified without a 'data' directory
Flavors: r-devel-linux-x86_64-debian-clang, r-devel-linux-x86_64-debian-gcc, r-devel-linux-x86_64-fedora-clang, r-devel-linux-x86_64-fedora-gcc, r-devel-windows-ix86+x86_64, r-devel-windows-x86_64-gcc10-UCRT