Last updated on 2022-05-24 00:51:39 CEST.
Flavor | Version | Tinstall | Tcheck | Ttotal | Status | Flags |
---|---|---|---|---|---|---|
r-devel-linux-x86_64-debian-clang | 1.4 | 14.66 | 143.89 | 158.55 | NOTE | |
r-devel-linux-x86_64-debian-gcc | 1.4 | 10.24 | 103.40 | 113.64 | NOTE | |
r-devel-linux-x86_64-fedora-clang | 1.4 | 181.86 | OK | |||
r-devel-linux-x86_64-fedora-gcc | 1.4 | 185.17 | OK | |||
r-devel-windows-x86_64 | 1.4 | 17.00 | 151.00 | 168.00 | OK | |
r-patched-linux-x86_64 | 1.4 | 13.01 | 130.94 | 143.95 | OK | |
r-release-linux-x86_64 | 1.4 | OK | ||||
r-release-macos-arm64 | 1.4 | 43.00 | OK | |||
r-release-macos-x86_64 | 1.4 | 83.00 | OK | |||
r-release-windows-x86_64 | 1.4 | 17.00 | 152.00 | 169.00 | OK | |
r-oldrel-macos-arm64 | 1.4 | 50.00 | OK | |||
r-oldrel-macos-x86_64 | 1.4 | 64.00 | OK | |||
r-oldrel-windows-ix86+x86_64 | 1.4 | 30.00 | 149.00 | 179.00 | OK |
Version: 1.4
Check: HTML version of manual
Result: NOTE
Found the following problems:
simCRM.Rd:61:323: Warning: unescaped & or unknown entity "&alpha"
simCRM.Rd:61:340: Warning: unescaped & or unknown entity "&theta"
simCRM.Rd:61:356: Warning: unescaped & or unknown entity "&beta"
simCRM.Rd:61:401: Warning: unescaped & or unknown entity "&alpha"
Flavors: r-devel-linux-x86_64-debian-clang, r-devel-linux-x86_64-debian-gcc