CRAN Package Check Results for Package Eunomia

Last updated on 2021-05-15 15:48:07 CEST.

Flavor Version Tinstall Tcheck Ttotal Status Flags
r-devel-linux-x86_64-debian-clang 1.0.1 5.78 58.32 64.10 NOTE
r-devel-linux-x86_64-debian-gcc 1.0.1 3.80 44.35 48.15 NOTE
r-devel-linux-x86_64-fedora-clang 1.0.1 89.30 NOTE
r-devel-linux-x86_64-fedora-gcc 1.0.1 81.60 NOTE
r-devel-windows-ix86+x86_64 1.0.1 14.00 58.00 72.00 NOTE
r-devel-windows-x86_64-gcc10-UCRT 1.0.1 NOTE
r-patched-linux-x86_64 1.0.1 5.60 57.34 62.94 NOTE
r-patched-solaris-x86 1.0.1 101.20 NOTE
r-release-linux-x86_64 1.0.1 5.18 55.01 60.19 OK
r-release-macos-x86_64 1.0.1 NOTE
r-release-windows-ix86+x86_64 1.0.1 10.00 76.00 86.00 OK
r-oldrel-macos-x86_64 1.0.1 NOTE
r-oldrel-windows-ix86+x86_64 1.0.1 9.00 72.00 81.00 OK

Check Details

Version: 1.0.1
Check: LazyData
Result: NOTE
     'LazyData' is specified without a 'data' directory
Flavors: r-devel-linux-x86_64-debian-clang, r-devel-linux-x86_64-debian-gcc, r-devel-linux-x86_64-fedora-clang, r-devel-linux-x86_64-fedora-gcc, r-devel-windows-ix86+x86_64, r-devel-windows-x86_64-gcc10-UCRT, r-patched-linux-x86_64, r-patched-solaris-x86

Version: 1.0.1
Check: dependencies in R code
Result: NOTE
    Namespace in Imports field not imported from: ‘RSQLite’
     All declared Imports should be used.
Flavors: r-devel-linux-x86_64-fedora-clang, r-devel-linux-x86_64-fedora-gcc, r-devel-windows-x86_64-gcc10-UCRT, r-patched-solaris-x86, r-release-macos-x86_64, r-oldrel-macos-x86_64