CRAN Package Check Results for Package EvaluateCore

Last updated on 2020-12-03 13:48:39 CET.

Flavor Version Tinstall Tcheck Ttotal Status Flags
r-devel-linux-x86_64-debian-clang 0.1.1 13.96 126.79 140.75 OK
r-devel-linux-x86_64-debian-gcc 0.1.1 12.54 94.73 107.27 OK
r-devel-linux-x86_64-fedora-clang 0.1.1 177.50 OK
r-devel-linux-x86_64-fedora-gcc 0.1.1 166.18 OK
r-devel-windows-ix86+x86_64 0.1.1 31.00 156.00 187.00 OK
r-patched-linux-x86_64 0.1.1 13.52 117.16 130.68 OK
r-patched-solaris-x86 0.1.1 235.30 NOTE
r-release-linux-x86_64 0.1.1 14.10 115.53 129.63 OK
r-release-macos-x86_64 0.1.1 OK
r-release-windows-ix86+x86_64 0.1.1 24.00 118.00 142.00 OK
r-oldrel-macos-x86_64 0.1.1 OK
r-oldrel-windows-ix86+x86_64 0.1.1 23.00 149.00 172.00 OK

Check Details

Version: 0.1.1
Check: package dependencies
Result: NOTE
    Package suggested but not available for checking: ‘corehunter’
Flavor: r-patched-solaris-x86