CRAN Package Check Results for Package EvaluationMeasures

Last updated on 2023-12-11 12:52:09 CET.

Flavor Version Tinstall Tcheck Ttotal Status Flags
r-devel-linux-x86_64-debian-clang 1.1.0 2.29 22.97 25.26 NOTE
r-devel-linux-x86_64-debian-gcc 1.1.0 2.01 18.33 20.34 NOTE
r-devel-linux-x86_64-fedora-clang 1.1.0 34.15 NOTE
r-devel-linux-x86_64-fedora-gcc 1.1.0 30.76 NOTE
r-devel-windows-x86_64 1.1.0 4.00 40.00 44.00 NOTE
r-patched-linux-x86_64 1.1.0 2.38 23.35 25.73 NOTE
r-release-linux-x86_64 1.1.0 2.43 23.09 25.52 NOTE
r-release-macos-arm64 1.1.0 15.00 NOTE
r-release-macos-x86_64 1.1.0 21.00 NOTE
r-release-windows-x86_64 1.1.0 7.00 41.00 48.00 NOTE
r-oldrel-macos-arm64 1.1.0 15.00 NOTE
r-oldrel-macos-x86_64 1.1.0 20.00 NOTE
r-oldrel-windows-x86_64 1.1.0 8.00 45.00 53.00 NOTE

Check Details

Version: 1.1.0
Check: LazyData
Result: NOTE 'LazyData' is specified without a 'data' directory Flavors: r-devel-linux-x86_64-debian-clang, r-devel-linux-x86_64-debian-gcc, r-devel-linux-x86_64-fedora-clang, r-devel-linux-x86_64-fedora-gcc, r-devel-windows-x86_64, r-patched-linux-x86_64, r-release-linux-x86_64, r-release-macos-arm64, r-release-macos-x86_64, r-release-windows-x86_64, r-oldrel-macos-arm64, r-oldrel-macos-x86_64, r-oldrel-windows-x86_64