CRAN Package Check Results for Package EvaluationMeasures

Last updated on 2021-04-17 18:49:54 CEST.

Flavor Version Tinstall Tcheck Ttotal Status Flags
r-devel-linux-x86_64-debian-clang 1.1.0 2.12 22.83 24.95 NOTE
r-devel-linux-x86_64-debian-gcc 1.1.0 1.86 18.19 20.05 NOTE
r-devel-linux-x86_64-fedora-clang 1.1.0 39.74 NOTE
r-devel-linux-x86_64-fedora-gcc 1.1.0 30.15 NOTE
r-devel-windows-ix86+x86_64 1.1.0 5.00 36.00 41.00 NOTE
r-devel-windows-x86_64-gcc10-UCRT 1.1.0 NOTE
r-patched-linux-x86_64 1.1.0 1.86 22.14 24.00 OK
r-patched-solaris-x86 1.1.0 45.50 OK
r-release-linux-x86_64 1.1.0 2.29 22.02 24.31 OK
r-release-macos-x86_64 1.1.0 OK
r-release-windows-ix86+x86_64 1.1.0 4.00 33.00 37.00 OK
r-oldrel-macos-x86_64 1.1.0 OK
r-oldrel-windows-ix86+x86_64 1.1.0 6.00 41.00 47.00 OK

Check Details

Version: 1.1.0
Check: LazyData
Result: NOTE
     'LazyData' is specified without a 'data' directory
Flavors: r-devel-linux-x86_64-debian-clang, r-devel-linux-x86_64-debian-gcc, r-devel-linux-x86_64-fedora-clang, r-devel-linux-x86_64-fedora-gcc, r-devel-windows-ix86+x86_64, r-devel-windows-x86_64-gcc10-UCRT