CRAN Package Check Results for Package EvaluationMeasures

Last updated on 2023-03-25 04:54:38 CET.

Flavor Version Tinstall Tcheck Ttotal Status Flags
r-devel-linux-x86_64-debian-clang 1.1.0 2.58 23.13 25.71 NOTE
r-devel-linux-x86_64-debian-gcc 1.1.0 1.96 18.23 20.19 NOTE
r-devel-linux-x86_64-fedora-clang 1.1.0 33.25 NOTE
r-devel-linux-x86_64-fedora-gcc 1.1.0 31.76 NOTE
r-devel-windows-x86_64 1.1.0 180.00 51.00 231.00 NOTE
r-patched-linux-x86_64 1.1.0 2.66 23.31 25.97 NOTE
r-release-linux-x86_64 1.1.0 2.11 23.19 25.30 NOTE
r-release-macos-arm64 1.1.0 14.00 NOTE
r-release-macos-x86_64 1.1.0 20.00 NOTE
r-release-windows-x86_64 1.1.0 8.00 45.00 53.00 NOTE
r-oldrel-macos-arm64 1.1.0 17.00 NOTE
r-oldrel-macos-x86_64 1.1.0 26.00 NOTE
r-oldrel-windows-ix86+x86_64 1.1.0 6.00 36.00 42.00 NOTE

Check Details

Version: 1.1.0
Check: LazyData
Result: NOTE
     'LazyData' is specified without a 'data' directory
Flavors: r-devel-linux-x86_64-debian-clang, r-devel-linux-x86_64-debian-gcc, r-devel-linux-x86_64-fedora-clang, r-devel-linux-x86_64-fedora-gcc, r-devel-windows-x86_64, r-patched-linux-x86_64, r-release-linux-x86_64, r-release-macos-arm64, r-release-macos-x86_64, r-release-windows-x86_64, r-oldrel-macos-arm64, r-oldrel-macos-x86_64, r-oldrel-windows-ix86+x86_64