CRAN Package Check Results for Package EventPredInCure

Last updated on 2024-06-16 09:56:03 CEST.

Flavor Version Tinstall Tcheck Ttotal Status Flags
r-devel-linux-x86_64-debian-clang 1.0 21.78 166.64 188.42 OK
r-devel-linux-x86_64-debian-gcc 1.0 19.56 118.09 137.65 OK
r-devel-linux-x86_64-fedora-clang 1.0 233.66 NOTE
r-devel-linux-x86_64-fedora-gcc 1.0 219.49 NOTE
r-devel-windows-x86_64 1.0 20.00 120.00 140.00 OK
r-patched-linux-x86_64 1.0 24.71 154.50 179.21 OK
r-release-linux-x86_64 1.0 19.91 156.53 176.44 OK
r-release-macos-arm64 1.0 61.00 OK
r-release-macos-x86_64 1.0 98.00 OK
r-release-windows-x86_64 1.0 19.00 122.00 141.00 OK
r-oldrel-macos-arm64 1.0 65.00 OK
r-oldrel-macos-x86_64 1.0 135.00 OK
r-oldrel-windows-x86_64 1.0 28.00 155.00 183.00 OK

Check Details

Version: 1.0
Check: dependencies in R code
Result: NOTE Namespaces in Imports field not imported from: ‘KMsurv’ ‘MLEcens’ ‘lubridate’ ‘msm’ ‘perm’ All declared Imports should be used. Flavors: r-devel-linux-x86_64-fedora-clang, r-devel-linux-x86_64-fedora-gcc