CRAN Package Check Results for Package EvoRAG

Last updated on 2021-12-03 01:50:58 CET.

Flavor Version Tinstall Tcheck Ttotal Status Flags
r-devel-linux-x86_64-debian-clang 2.0 15.89 61.28 77.17 NOTE
r-devel-linux-x86_64-debian-gcc 2.0 11.26 46.10 57.36 NOTE
r-devel-linux-x86_64-fedora-clang 2.0 101.21 NOTE
r-devel-linux-x86_64-fedora-gcc 2.0 89.84 NOTE
r-devel-windows-x86_64-new-UL 2.0 21.00 81.00 102.00 NOTE
r-devel-windows-x86_64-new-TK 2.0 NOTE
r-devel-windows-x86_64-old 2.0 22.00 52.00 74.00 NOTE
r-patched-linux-x86_64 2.0 13.18 60.46 73.64 NOTE
r-patched-solaris-x86 2.0 111.80 NOTE
r-release-linux-x86_64 2.0 12.17 60.46 72.63 NOTE
r-release-macos-arm64 2.0 NOTE
r-release-macos-x86_64 2.0 NOTE
r-release-windows-ix86+x86_64 2.0 23.00 68.00 91.00 NOTE
r-oldrel-macos-x86_64 2.0 NOTE
r-oldrel-windows-ix86+x86_64 2.0 18.00 69.00 87.00 NOTE

Check Details

Version: 2.0
Check: R code for possible problems
Result: NOTE
    Profile.like.CI: no visible global function definition for 'nlm'
    TypeI.error: no visible global function definition for 'quantile'
    TypeI.error: no visible global function definition for 'median'
    TypeI.error: no visible global function definition for 'write.table'
    bootstrap.test: no visible global function definition for
     'txtProgressBar'
    bootstrap.test: no visible global function definition for
     'setTxtProgressBar'
    bootstrap.test: no visible global function definition for
     'complete.cases'
    bootstrap.test: no visible global function definition for 'median'
    bootstrap.test: no visible global function definition for 'quantile'
    expectation.gradient: no visible global function definition for 'qnorm'
    expectation.gradient: no visible global function definition for 'lines'
    expectation.time: no visible global function definition for 'qnorm'
    expectation.time: no visible global function definition for 'lines'
    find.mle.sister: no visible global function definition for 'nlm'
    parameter.reestimation: no visible global function definition for
     'median'
    parameter.reestimation: no visible global function definition for
     'quantile'
    parameter.reestimation: no visible global function definition for 'sd'
    plotGradient.ci: no visible global function definition for 'quantile'
    plotGradient.ci: no visible global function definition for 'lines'
    power.test: no visible global function definition for 'write.table'
    sim.sisters: no visible global function definition for 'rnorm'
    sisterContinuous: no visible global function definition for 'dnorm'
    sisterContinuous_logSpace: no visible global function definition for
     'dnorm'
    sisterContinuous_logSpace_profile_CI: no visible global function
     definition for 'dnorm'
    Undefined global functions or variables:
     complete.cases dnorm lines median nlm qnorm quantile rnorm sd
     setTxtProgressBar txtProgressBar write.table
    Consider adding
     importFrom("graphics", "lines")
     importFrom("stats", "complete.cases", "dnorm", "median", "nlm",
     "qnorm", "quantile", "rnorm", "sd")
     importFrom("utils", "setTxtProgressBar", "txtProgressBar",
     "write.table")
    to your NAMESPACE file.
Flavors: r-devel-linux-x86_64-debian-clang, r-devel-linux-x86_64-debian-gcc, r-devel-linux-x86_64-fedora-clang, r-devel-linux-x86_64-fedora-gcc, r-devel-windows-x86_64-new-UL, r-devel-windows-x86_64-new-TK, r-devel-windows-x86_64-old, r-patched-linux-x86_64, r-patched-solaris-x86, r-release-linux-x86_64, r-release-macos-arm64, r-release-macos-x86_64, r-release-windows-ix86+x86_64, r-oldrel-macos-x86_64, r-oldrel-windows-ix86+x86_64