CRAN Package Check Results for Package ExhaustiveSearch

Last updated on 2024-05-23 15:59:44 CEST.

Flavor Version Tinstall Tcheck Ttotal Status Flags
r-devel-linux-x86_64-debian-clang 1.0.1 60.88 30.46 91.34 NOTE
r-devel-linux-x86_64-debian-gcc 1.0.1 41.12 23.19 64.31 NOTE
r-devel-linux-x86_64-fedora-clang 1.0.1 140.39 NOTE
r-devel-linux-x86_64-fedora-gcc 1.0.1 132.36 NOTE
r-devel-windows-x86_64 1.0.1 50.00 60.00 110.00 NOTE
r-patched-linux-x86_64 1.0.1 53.64 28.36 82.00 NOTE
r-release-linux-x86_64 1.0.1 56.49 28.79 85.28 NOTE
r-release-macos-arm64 1.0.1 31.00 NOTE
r-release-windows-x86_64 1.0.1 52.00 61.00 113.00 NOTE
r-oldrel-macos-arm64 1.0.1 34.00 NOTE
r-oldrel-macos-x86_64 1.0.1 56.00 NOTE
r-oldrel-windows-x86_64 1.0.1 61.00 70.00 131.00 NOTE

Check Details

Version: 1.0.1
Check: C++ specification
Result: NOTE Specified C++11: please drop specification unless essential Flavors: r-devel-linux-x86_64-debian-clang, r-devel-linux-x86_64-debian-gcc, r-devel-linux-x86_64-fedora-clang, r-devel-linux-x86_64-fedora-gcc, r-devel-windows-x86_64, r-patched-linux-x86_64, r-release-linux-x86_64, r-release-macos-arm64, r-release-windows-x86_64, r-oldrel-macos-arm64, r-oldrel-macos-x86_64, r-oldrel-windows-x86_64